Last updated on 2024-06-12 19:54:10 CEST.
Flavor | Version | Tinstall | Tcheck | Ttotal | Status | Flags |
---|---|---|---|---|---|---|
r-devel-linux-x86_64-debian-clang | 0.1.0 | 3.01 | 34.08 | 37.09 | OK | |
r-devel-linux-x86_64-debian-gcc | 0.1.0 | 2.70 | 24.88 | 27.58 | ERROR | |
r-devel-linux-x86_64-fedora-clang | 0.1.0 | 46.92 | OK | |||
r-devel-linux-x86_64-fedora-gcc | 0.1.0 | 44.79 | OK | |||
r-devel-windows-x86_64 | 0.1.0 | 4.00 | 60.00 | 64.00 | OK | |
r-patched-linux-x86_64 | 0.1.0 | 3.06 | 33.35 | 36.41 | OK | |
r-release-linux-x86_64 | 0.1.0 | 3.60 | 35.72 | 39.32 | OK | |
r-release-macos-arm64 | 0.1.0 | 20.00 | OK | |||
r-release-macos-x86_64 | 0.1.0 | 30.00 | OK | |||
r-release-windows-x86_64 | 0.1.0 | 4.00 | 51.00 | 55.00 | OK | |
r-oldrel-macos-arm64 | 0.1.0 | 20.00 | OK | |||
r-oldrel-macos-x86_64 | 0.1.0 | 27.00 | OK | |||
r-oldrel-windows-x86_64 | 0.1.0 | 5.00 | 50.00 | 55.00 | OK |
Version: 0.1.0
Check: package dependencies
Result: NOTE
Package suggested but not available for checking: ‘testthat’
Flavor: r-devel-linux-x86_64-debian-gcc
Version: 0.1.0
Check: tests
Result: ERROR
Running ‘testthat.R’ [0s/1s]
Running the tests in ‘tests/testthat.R’ failed.
Complete output:
> library(testthat)
Error in library(testthat) : there is no package called 'testthat'
Execution halted
Flavor: r-devel-linux-x86_64-debian-gcc