Last updated on 2024-06-12 19:54:10 CEST.
Flavor | Version | Tinstall | Tcheck | Ttotal | Status | Flags |
---|---|---|---|---|---|---|
r-devel-linux-x86_64-debian-clang | 2.0 | 34.10 | 112.46 | 146.56 | NOTE | |
r-devel-linux-x86_64-debian-gcc | 2.0 | 0.62 | 0.94 | 1.56 | ERROR | |
r-devel-linux-x86_64-fedora-clang | 2.0 | 318.95 | NOTE | |||
r-devel-linux-x86_64-fedora-gcc | 2.0 | 302.18 | NOTE | |||
r-devel-windows-x86_64 | 2.0 | 27.00 | 192.00 | 219.00 | NOTE | |
r-patched-linux-x86_64 | 2.0 | 38.71 | 109.38 | 148.09 | NOTE | |
r-release-linux-x86_64 | 2.0 | 21.37 | 106.98 | 128.35 | NOTE | |
r-release-macos-arm64 | 2.0 | 76.00 | NOTE | |||
r-release-macos-x86_64 | 2.0 | 126.00 | NOTE | |||
r-release-windows-x86_64 | 2.0 | 32.00 | 189.00 | 221.00 | NOTE | |
r-oldrel-macos-arm64 | 2.0 | 86.00 | OK | |||
r-oldrel-macos-x86_64 | 2.0 | 144.00 | OK | |||
r-oldrel-windows-x86_64 | 2.0 | 37.00 | 218.00 | 255.00 | OK |
Version: 2.0
Check: Rd files
Result: NOTE
checkRd: (-1) getNetworkGridLayout.Rd:6-11: Lost braces
6 | getCoordinatesFromVertexId2<-function(AFMImage, vId) {
| ^
Flavors: r-devel-linux-x86_64-debian-clang, r-devel-linux-x86_64-fedora-clang, r-devel-linux-x86_64-fedora-gcc, r-devel-windows-x86_64, r-patched-linux-x86_64, r-release-linux-x86_64, r-release-macos-arm64, r-release-macos-x86_64, r-release-windows-x86_64
Version: 2.0
Check: package dependencies
Result: ERROR
Packages required but not available:
'stringr', 'ggplot2', 'igraph', 'mixtools'
See section ‘The DESCRIPTION file’ in the ‘Writing R Extensions’
manual.
Flavor: r-devel-linux-x86_64-debian-gcc