Last updated on 2025-01-19 16:48:15 CET.
Flavor | Version | Tinstall | Tcheck | Ttotal | Status | Flags |
---|---|---|---|---|---|---|
r-devel-linux-x86_64-debian-clang | 1.6.1 | 195.09 | 86.56 | 281.65 | OK | |
r-devel-linux-x86_64-debian-gcc | 1.6.1 | 149.16 | 56.44 | 205.60 | OK | |
r-devel-linux-x86_64-fedora-clang | 1.6.1 | 514.50 | OK | |||
r-devel-linux-x86_64-fedora-gcc | 1.6.1 | 588.80 | OK | |||
r-devel-windows-x86_64 | 1.6.1 | 194.00 | 153.00 | 347.00 | OK | |
r-patched-linux-x86_64 | 1.6.1 | 209.37 | 76.91 | 286.28 | OK | |
r-release-linux-x86_64 | 1.6.1 | 196.31 | 77.31 | 273.62 | OK | |
r-release-macos-arm64 | 1.6.1 | 117.00 | NOTE | |||
r-release-macos-x86_64 | 1.6.1 | 182.00 | NOTE | |||
r-release-windows-x86_64 | 1.6.1 | 192.00 | 152.00 | 344.00 | OK | |
r-oldrel-macos-arm64 | 1.6.1 | 109.00 | NOTE | |||
r-oldrel-macos-x86_64 | 1.6.1 | 180.00 | NOTE | |||
r-oldrel-windows-x86_64 | 1.6.1 | 232.00 | 176.00 | 408.00 | OK |
Version: 1.6.1
Check: installed package size
Result: NOTE
installed size is 19.5Mb
sub-directories of 1Mb or more:
libs 18.2Mb
Flavors: r-release-macos-arm64, r-release-macos-x86_64, r-oldrel-macos-arm64, r-oldrel-macos-x86_64