Last updated on 2024-06-12 19:54:11 CEST.
Flavor | Version | Tinstall | Tcheck | Ttotal | Status | Flags |
---|---|---|---|---|---|---|
r-devel-linux-x86_64-debian-clang | 2.0.5 | 16.15 | 126.05 | 142.20 | OK | |
r-devel-linux-x86_64-debian-gcc | 2.0.5 | 0.79 | 1.76 | 2.55 | ERROR | |
r-devel-linux-x86_64-fedora-clang | 2.0.5 | 173.00 | NOTE | |||
r-devel-linux-x86_64-fedora-gcc | 2.0.5 | 163.34 | OK | |||
r-devel-windows-x86_64 | 2.0.5 | 13.00 | 113.00 | 126.00 | NOTE | |
r-patched-linux-x86_64 | 2.0.5 | 16.30 | 117.65 | 133.95 | OK | |
r-release-linux-x86_64 | 2.0.5 | 10.05 | 121.54 | 131.59 | OK | |
r-release-macos-arm64 | 2.0.5 | 48.00 | NOTE | |||
r-release-macos-x86_64 | 2.0.5 | 107.00 | NOTE | |||
r-release-windows-x86_64 | 2.0.5 | 16.00 | 119.00 | 135.00 | NOTE | |
r-oldrel-macos-arm64 | 2.0.5 | 52.00 | NOTE | |||
r-oldrel-macos-x86_64 | 2.0.5 | 91.00 | NOTE | |||
r-oldrel-windows-x86_64 | 2.0.5 | 17.00 | 132.00 | 149.00 | NOTE |
Version: 2.0.5
Check: package dependencies
Result: ERROR
Package required but not available: ‘stringr’
See section ‘The DESCRIPTION file’ in the ‘Writing R Extensions’
manual.
Flavor: r-devel-linux-x86_64-debian-gcc
Version: 2.0.5
Check: installed package size
Result: NOTE
installed size is 5.4Mb
sub-directories of 1Mb or more:
data 5.1Mb
Flavors: r-devel-linux-x86_64-fedora-clang, r-devel-windows-x86_64, r-release-macos-arm64, r-release-macos-x86_64, r-release-windows-x86_64, r-oldrel-macos-arm64, r-oldrel-macos-x86_64, r-oldrel-windows-x86_64