CRAN Package Check Results for Package BAS

Last updated on 2024-07-14 08:48:15 CEST.

Flavor Version Tinstall Tcheck Ttotal Status Flags
r-devel-linux-x86_64-debian-clang 1.7.1 16.97 170.76 187.73 NOTE
r-devel-linux-x86_64-debian-gcc 1.7.1 13.18 115.67 128.85 NOTE
r-devel-linux-x86_64-fedora-clang 1.7.1 259.50 NOTE
r-devel-linux-x86_64-fedora-gcc 1.7.1 231.47 NOTE
r-devel-windows-x86_64 1.7.1 25.00 170.00 195.00 NOTE
r-patched-linux-x86_64 1.7.1 16.66 155.13 171.79 OK
r-release-linux-x86_64 1.7.1 14.27 151.92 166.19 OK
r-release-macos-arm64 1.7.1 74.00 OK
r-release-macos-x86_64 1.7.1 112.00 OK
r-release-windows-x86_64 1.7.1 26.00 164.00 190.00 OK
r-oldrel-macos-arm64 1.7.1 81.00 OK
r-oldrel-macos-x86_64 1.7.1 220.00 OK
r-oldrel-windows-x86_64 1.7.1 28.00 189.00 217.00 OK

Check Details

Version: 1.7.1
Check: compiled code
Result: NOTE File ‘BAS/libs/BAS.so’: Found non-API call to R: ‘SETLENGTH’ Compiled code should not call non-API entry points in R. See ‘Writing portable packages’ in the ‘Writing R Extensions’ manual, and section ‘Moving into C API compliance’ for issues with the use of non-API entry points. Flavors: r-devel-linux-x86_64-debian-clang, r-devel-linux-x86_64-debian-gcc, r-devel-linux-x86_64-fedora-clang, r-devel-linux-x86_64-fedora-gcc

Version: 1.7.1
Check: compiled code
Result: NOTE File 'BAS/libs/x64/BAS.dll': Found non-API call to R: 'SETLENGTH' Compiled code should not call non-API entry points in R. See 'Writing portable packages' in the 'Writing R Extensions' manual, and section 'Moving into C API compliance' for issues with the use of non-API entry points. Flavor: r-devel-windows-x86_64