CRAN Package Check Results for Package BNPmix

Last updated on 2025-01-19 16:48:16 CET.

Flavor Version Tinstall Tcheck Ttotal Status Flags
r-devel-linux-x86_64-debian-clang 1.0.2 161.98 92.01 253.99 NOTE
r-devel-linux-x86_64-debian-gcc 1.0.2 109.17 66.00 175.17 NOTE
r-devel-linux-x86_64-fedora-clang 1.0.2 473.24 NOTE
r-devel-linux-x86_64-fedora-gcc 1.0.2 534.32 NOTE
r-devel-windows-x86_64 1.0.2 177.00 159.00 336.00 NOTE
r-patched-linux-x86_64 1.0.2 165.88 86.60 252.48 NOTE
r-release-linux-x86_64 1.0.2 170.77 85.67 256.44 NOTE
r-release-macos-arm64 1.0.2 119.00 NOTE
r-release-macos-x86_64 1.0.2 152.00 NOTE
r-release-windows-x86_64 1.0.2 166.00 156.00 322.00 NOTE
r-oldrel-macos-arm64 1.0.2 159.00 NOTE
r-oldrel-macos-x86_64 1.0.2 157.00 NOTE
r-oldrel-windows-x86_64 1.0.2 198.00 174.00 372.00 NOTE

Check Details

Version: 1.0.2
Check: C++ specification
Result: NOTE Specified C++11: please drop specification unless essential Flavors: r-devel-linux-x86_64-debian-clang, r-devel-linux-x86_64-debian-gcc, r-devel-linux-x86_64-fedora-clang, r-devel-linux-x86_64-fedora-gcc, r-devel-windows-x86_64, r-patched-linux-x86_64, r-release-linux-x86_64, r-release-macos-arm64, r-release-macos-x86_64, r-release-windows-x86_64, r-oldrel-macos-arm64, r-oldrel-macos-x86_64, r-oldrel-windows-x86_64

Version: 1.0.2
Check: installed package size
Result: NOTE installed size is 15.4Mb sub-directories of 1Mb or more: libs 14.1Mb Flavors: r-release-macos-arm64, r-release-macos-x86_64, r-oldrel-macos-arm64, r-oldrel-macos-x86_64