CRAN Package Check Results for Package BSS

Last updated on 2025-01-25 13:50:59 CET.

Flavor Version Tinstall Tcheck Ttotal Status Flags
r-devel-linux-x86_64-debian-clang 0.1.0 2.30 25.36 27.66 OK
r-devel-linux-x86_64-debian-gcc 0.1.0 1.86 19.00 20.86 OK
r-devel-linux-x86_64-fedora-clang 0.1.0 44.26 OK
r-devel-linux-x86_64-fedora-gcc 0.1.0 41.22 OK
r-devel-windows-x86_64 0.1.0 4.00 49.00 53.00 OK
r-patched-linux-x86_64 0.1.0 2.55 23.80 26.35 NOTE
r-release-linux-x86_64 0.1.0 2.44 23.89 26.33 NOTE
r-release-macos-arm64 0.1.0 19.00 NOTE
r-release-macos-x86_64 0.1.0 25.00 NOTE
r-release-windows-x86_64 0.1.0 5.00 48.00 53.00 NOTE
r-oldrel-macos-arm64 0.1.0 20.00 NOTE
r-oldrel-macos-x86_64 0.1.0 26.00 NOTE
r-oldrel-windows-x86_64 0.1.0 6.00 54.00 60.00 NOTE

Check Details

Version: 0.1.0
Check: LazyData
Result: NOTE 'LazyData' is specified without a 'data' directory Flavors: r-patched-linux-x86_64, r-release-linux-x86_64, r-release-macos-arm64, r-release-macos-x86_64, r-release-windows-x86_64, r-oldrel-macos-arm64, r-oldrel-macos-x86_64, r-oldrel-windows-x86_64