CRAN Package Check Results for Package BioMark

Last updated on 2024-07-21 08:49:13 CEST.

Flavor Version Tinstall Tcheck Ttotal Status Flags
r-devel-linux-x86_64-debian-clang 0.4.5 10.27 91.93 102.20 NOTE
r-devel-linux-x86_64-debian-gcc 0.4.5 7.38 68.15 75.53 NOTE
r-devel-linux-x86_64-fedora-clang 0.4.5 124.28 NOTE
r-devel-linux-x86_64-fedora-gcc 0.4.5 116.86 NOTE
r-devel-windows-x86_64 0.4.5 10.00 84.00 94.00 NOTE
r-patched-linux-x86_64 0.4.5 10.34 86.65 96.99 NOTE
r-release-linux-x86_64 0.4.5 9.00 87.36 96.36 NOTE
r-release-macos-arm64 0.4.5 38.00 NOTE
r-release-macos-x86_64 0.4.5 64.00 NOTE
r-release-windows-x86_64 0.4.5 9.00 84.00 93.00 NOTE
r-oldrel-macos-arm64 0.4.5 44.00 OK
r-oldrel-macos-x86_64 0.4.5 67.00 OK
r-oldrel-windows-x86_64 0.4.5 12.00 100.00 112.00 OK

Check Details

Version: 0.4.5
Check: Rd files
Result: NOTE checkRd: (-1) ROC.Rd:55: Lost braces in \enumerate; \value handles \item{}{} directly checkRd: (-1) ROC.Rd:56: Lost braces in \enumerate; \value handles \item{}{} directly checkRd: (-1) ROC.Rd:57: Lost braces in \enumerate; \value handles \item{}{} directly checkRd: (-1) ROC.Rd:58: Lost braces in \enumerate; \value handles \item{}{} directly Flavors: r-devel-linux-x86_64-debian-clang, r-devel-linux-x86_64-debian-gcc, r-devel-linux-x86_64-fedora-clang, r-devel-linux-x86_64-fedora-gcc, r-devel-windows-x86_64, r-patched-linux-x86_64, r-release-linux-x86_64, r-release-macos-arm64, r-release-macos-x86_64, r-release-windows-x86_64

Version: 0.4.5
Check: Rd cross-references
Result: NOTE Found the following Rd file(s) with Rd \link{} targets missing package anchors: auxBiom.Rd: glmnet biom.options.Rd: glmnet Please provide package anchors for all Rd \link{} targets not in the package itself and the base packages. Flavors: r-devel-linux-x86_64-debian-gcc, r-devel-windows-x86_64