Last updated on 2024-06-12 19:54:12 CEST.
Flavor | Version | Tinstall | Tcheck | Ttotal | Status | Flags |
---|---|---|---|---|---|---|
r-devel-linux-x86_64-debian-clang | 1.23.120.1 | 22.34 | 37.98 | 60.32 | OK | |
r-devel-linux-x86_64-debian-gcc | 1.23.120.1 | 14.24 | 24.96 | 39.20 | ERROR | |
r-devel-linux-x86_64-fedora-clang | 1.23.120.1 | 80.65 | OK | |||
r-devel-linux-x86_64-fedora-gcc | 1.23.120.1 | 78.83 | OK | |||
r-devel-windows-x86_64 | 1.23.120.1 | 17.00 | 65.00 | 82.00 | OK | |
r-patched-linux-x86_64 | 1.23.120.1 | 15.95 | 37.45 | 53.40 | OK | |
r-release-linux-x86_64 | 1.23.120.1 | 16.18 | 36.14 | 52.32 | OK | |
r-release-macos-arm64 | 1.23.120.1 | 24.00 | OK | |||
r-release-macos-x86_64 | 1.23.120.1 | 34.00 | OK | |||
r-release-windows-x86_64 | 1.23.120.1 | 17.00 | 77.00 | 94.00 | OK | |
r-oldrel-macos-arm64 | 1.23.120.1 | 26.00 | OK | |||
r-oldrel-macos-x86_64 | 1.23.120.1 | 38.00 | OK | |||
r-oldrel-windows-x86_64 | 1.23.120.1 | 20.00 | 74.00 | 94.00 | OK |
Version: 1.23.120.1
Check: package dependencies
Result: NOTE
Package suggested but not available for checking: ‘testthat’
Flavor: r-devel-linux-x86_64-debian-gcc
Version: 1.23.120.1
Check: tests
Result: ERROR
Running ‘testthat.R’ [0s/0s]
Running the tests in ‘tests/testthat.R’ failed.
Complete output:
> library(testthat)
Error in library(testthat) : there is no package called 'testthat'
Execution halted
Flavor: r-devel-linux-x86_64-debian-gcc