Last updated on 2024-09-07 15:48:53 CEST.
Flavor | Version | Tinstall | Tcheck | Ttotal | Status | Flags |
---|---|---|---|---|---|---|
r-devel-linux-x86_64-debian-clang | 0.1.1 | 147.93 | 127.34 | 275.27 | NOTE | |
r-devel-linux-x86_64-debian-gcc | 0.1.1 | 136.27 | 100.80 | 237.07 | NOTE | |
r-devel-linux-x86_64-fedora-clang | 0.1.1 | 436.04 | NOTE | |||
r-devel-linux-x86_64-fedora-gcc | 0.1.1 | 521.92 | NOTE | |||
r-devel-windows-x86_64 | 0.1.1 | 144.00 | 156.00 | 300.00 | NOTE | |
r-patched-linux-x86_64 | 0.1.1 | 168.87 | 133.25 | 302.12 | NOTE | |
r-release-linux-x86_64 | 0.1.1 | 168.52 | 134.37 | 302.89 | NOTE | |
r-release-macos-arm64 | 0.1.1 | 106.00 | NOTE | |||
r-release-macos-x86_64 | 0.1.1 | 183.00 | NOTE | |||
r-release-windows-x86_64 | 0.1.1 | 155.00 | 160.00 | 315.00 | NOTE | |
r-oldrel-macos-arm64 | 0.1.1 | 99.00 | NOTE | |||
r-oldrel-macos-x86_64 | 0.1.1 | 171.00 | NOTE | |||
r-oldrel-windows-x86_64 | 0.1.1 | 190.00 | 184.00 | 374.00 | NOTE |
Version: 0.1.1
Check: for GNU extensions in Makefiles
Result: NOTE
GNU make is a SystemRequirements.
Flavors: r-devel-linux-x86_64-debian-clang, r-devel-linux-x86_64-debian-gcc, r-devel-linux-x86_64-fedora-clang, r-devel-linux-x86_64-fedora-gcc, r-devel-windows-x86_64, r-patched-linux-x86_64, r-release-linux-x86_64, r-release-macos-arm64, r-release-macos-x86_64, r-release-windows-x86_64, r-oldrel-macos-arm64, r-oldrel-macos-x86_64, r-oldrel-windows-x86_64
Version: 0.1.1
Check: dependencies in R code
Result: NOTE
Namespace in Imports field not imported from: ‘rstantools’
All declared Imports should be used.
Flavors: r-devel-linux-x86_64-fedora-clang, r-devel-linux-x86_64-fedora-gcc
Version: 0.1.1
Check: installed package size
Result: NOTE
installed size is 49.0Mb
sub-directories of 1Mb or more:
libs 48.8Mb
Flavors: r-release-macos-arm64, r-release-macos-x86_64, r-oldrel-macos-arm64, r-oldrel-macos-x86_64