Last updated on 2024-06-12 19:54:13 CEST.
Flavor | Version | Tinstall | Tcheck | Ttotal | Status | Flags |
---|---|---|---|---|---|---|
r-devel-linux-x86_64-debian-clang | 1.2.0 | 18.86 | 142.76 | 161.62 | OK | |
r-devel-linux-x86_64-debian-gcc | 1.2.0 | 0.42 | 1.64 | 2.06 | ERROR | |
r-devel-linux-x86_64-fedora-clang | 1.2.0 | 208.70 | NOTE | |||
r-devel-linux-x86_64-fedora-gcc | 1.2.0 | 191.35 | NOTE | |||
r-devel-windows-x86_64 | 1.2.0 | 17.00 | 124.00 | 141.00 | OK | |
r-patched-linux-x86_64 | 1.2.0 | 18.69 | 138.13 | 156.82 | OK | |
r-release-linux-x86_64 | 1.2.0 | 16.19 | 139.99 | 156.18 | OK | |
r-release-macos-arm64 | 1.2.0 | 58.00 | OK | |||
r-release-macos-x86_64 | 1.2.0 | 80.00 | OK | |||
r-release-windows-x86_64 | 1.2.0 | 18.00 | 126.00 | 144.00 | OK | |
r-oldrel-macos-arm64 | 1.2.0 | 60.00 | OK | |||
r-oldrel-macos-x86_64 | 1.2.0 | 95.00 | OK | |||
r-oldrel-windows-x86_64 | 1.2.0 | 23.00 | 153.00 | 176.00 | OK |
Version: 1.2.0
Check: package dependencies
Result: ERROR
Packages required but not available:
'twang', 'arm', 'dplyr', 'WeightIt', 'tidyr', 'ggplot2', 'cowplot',
'metR', 'stringr'
See section ‘The DESCRIPTION file’ in the ‘Writing R Extensions’
manual.
Flavor: r-devel-linux-x86_64-debian-gcc
Version: 1.2.0
Check: dependencies in R code
Result: NOTE
Namespace in Imports field not imported from: ‘magrittr’
All declared Imports should be used.
Flavors: r-devel-linux-x86_64-fedora-clang, r-devel-linux-x86_64-fedora-gcc