CRAN Package Check Results for Package COUNT

Last updated on 2024-07-22 19:53:20 CEST.

Flavor Version Tinstall Tcheck Ttotal Status Flags
r-devel-linux-x86_64-debian-clang 1.3.4 2.45 57.07 59.52 NOTE
r-devel-linux-x86_64-debian-gcc 1.3.4 2.93 42.76 45.69 NOTE
r-devel-linux-x86_64-fedora-clang 1.3.4 76.47 NOTE
r-devel-linux-x86_64-fedora-gcc 1.3.4 73.26 NOTE
r-devel-windows-x86_64 1.3.4 5.00 83.00 88.00 NOTE
r-patched-linux-x86_64 1.3.4 3.34 56.57 59.91 NOTE
r-release-linux-x86_64 1.3.4 3.35 57.20 60.55 NOTE
r-release-macos-arm64 1.3.4 29.00 NOTE
r-release-macos-x86_64 1.3.4 45.00 NOTE
r-release-windows-x86_64 1.3.4 5.00 89.00 94.00 NOTE
r-oldrel-macos-arm64 1.3.4 28.00 OK
r-oldrel-macos-x86_64 1.3.4 44.00 OK
r-oldrel-windows-x86_64 1.3.4 6.00 86.00 92.00 OK

Check Details

Version: 1.3.4
Check: Rd files
Result: NOTE checkRd: (-1) fasttrakg.Rd:18: Lost braces 18 | \item{\code{killip}}{Killip level of cardiac event severity (1-4)age75}{1= Age>75; 0=Age<=75} | ^ Flavors: r-devel-linux-x86_64-debian-clang, r-devel-linux-x86_64-debian-gcc, r-devel-linux-x86_64-fedora-clang, r-devel-linux-x86_64-fedora-gcc, r-devel-windows-x86_64, r-patched-linux-x86_64, r-release-linux-x86_64, r-release-macos-arm64, r-release-macos-x86_64, r-release-windows-x86_64

Version: 1.3.4
Check: Rd cross-references
Result: NOTE Found the following Rd file(s) with Rd \link{} targets missing package anchors: ml.nb1.Rd: glm.nb ml.nb2.Rd: glm.nb ml.nbc.Rd: glm.nb ml.pois.Rd: glm.nb modelfit.Rd: glm.nb Please provide package anchors for all Rd \link{} targets not in the package itself and the base packages. Flavors: r-devel-linux-x86_64-debian-gcc, r-devel-windows-x86_64