Last updated on 2024-06-12 19:54:13 CEST.
Flavor | Version | Tinstall | Tcheck | Ttotal | Status | Flags |
---|---|---|---|---|---|---|
r-devel-linux-x86_64-debian-clang | 1.2.4 | 9.66 | 56.10 | 65.76 | NOTE | |
r-devel-linux-x86_64-debian-gcc | 1.2.4 | 0.53 | 1.70 | 2.23 | ERROR | |
r-devel-linux-x86_64-fedora-clang | 1.2.4 | 80.88 | NOTE | |||
r-devel-linux-x86_64-fedora-gcc | 1.2.4 | 74.72 | NOTE | |||
r-devel-windows-x86_64 | 1.2.4 | 10.00 | 56.00 | 66.00 | NOTE | |
r-patched-linux-x86_64 | 1.2.4 | 10.93 | 53.24 | 64.17 | NOTE | |
r-release-linux-x86_64 | 1.2.4 | 9.91 | 52.96 | 62.87 | NOTE | |
r-release-macos-arm64 | 1.2.4 | 24.00 | NOTE | |||
r-release-macos-x86_64 | 1.2.4 | 42.00 | NOTE | |||
r-release-windows-x86_64 | 1.2.4 | 10.00 | 61.00 | 71.00 | NOTE | |
r-oldrel-macos-arm64 | 1.2.4 | 25.00 | OK | |||
r-oldrel-macos-x86_64 | 1.2.4 | 63.00 | OK | |||
r-oldrel-windows-x86_64 | 1.2.4 | 12.00 | 61.00 | 73.00 | OK |
Version: 1.2.4
Check: Rd files
Result: NOTE
checkRd: (-1) performParallelNLMERun.Rd:22: Lost braces
22 | \item{partialJob}{is /code{TRUE} if it is not required to stop the job
| ^
checkRd: (-1) performParallelNLMERun.Rd:25: Lost braces
25 | \item{allowIntermediateResults}{is /code{TRUE} if intermediate results
| ^
Flavors: r-devel-linux-x86_64-debian-clang, r-devel-linux-x86_64-fedora-clang, r-devel-linux-x86_64-fedora-gcc, r-devel-windows-x86_64, r-patched-linux-x86_64, r-release-linux-x86_64, r-release-macos-arm64, r-release-macos-x86_64, r-release-windows-x86_64
Version: 1.2.4
Check: package dependencies
Result: ERROR
Package required but not available: ‘batchtools’
Package suggested but not available for checking: ‘testthat’
See section ‘The DESCRIPTION file’ in the ‘Writing R Extensions’
manual.
Flavor: r-devel-linux-x86_64-debian-gcc