Last updated on 2025-01-19 01:48:19 CET.
Flavor | Version | Tinstall | Tcheck | Ttotal | Status | Flags |
---|---|---|---|---|---|---|
r-devel-linux-x86_64-debian-clang | 6.1.10 | 10.82 | 129.24 | 140.06 | NOTE | |
r-devel-linux-x86_64-debian-gcc | 6.1.10 | 6.66 | 92.17 | 98.83 | NOTE | |
r-devel-linux-x86_64-fedora-clang | 6.1.10 | 231.53 | OK | |||
r-devel-linux-x86_64-fedora-gcc | 6.1.10 | 230.97 | OK | |||
r-devel-windows-x86_64 | 6.1.10 | 11.00 | 245.00 | 256.00 | NOTE | |
r-patched-linux-x86_64 | 6.1.10 | 17.73 | 120.24 | 137.97 | OK | |
r-release-linux-x86_64 | 6.1.10 | 9.69 | 119.27 | 128.96 | OK | |
r-release-macos-arm64 | 6.1.10 | 63.00 | OK | |||
r-release-macos-x86_64 | 6.1.10 | 118.00 | OK | |||
r-release-windows-x86_64 | 6.1.10 | 11.00 | 242.00 | 253.00 | OK | |
r-oldrel-macos-arm64 | 6.1.10 | 71.00 | OK | |||
r-oldrel-macos-x86_64 | 6.1.10 | 214.00 | OK | |||
r-oldrel-windows-x86_64 | 6.1.10 | 15.00 | 235.00 | 250.00 | OK |
Version: 6.1.10
Check: Rd cross-references
Result: NOTE
Found the following Rd file(s) with Rd \link{} targets missing package
anchors:
aovPCAloadings.Rd: GraphicsOptions
plot2Loadings.Rd: GraphicsOptions
plotLoadings.Rd: GraphicsOptions
plotSpectra.Rd: GraphicsOptions
reviewAllSpectra.Rd: GraphicsOptions
sPlotSpectra.Rd: GraphicsOptions
surveySpectra.Rd: GraphicsOptions
Please provide package anchors for all Rd \link{} targets not in the
package itself and the base packages.
Flavors: r-devel-linux-x86_64-debian-clang, r-devel-linux-x86_64-debian-gcc, r-devel-windows-x86_64