Last updated on 2024-09-07 15:48:54 CEST.
Flavor | Version | Tinstall | Tcheck | Ttotal | Status | Flags |
---|---|---|---|---|---|---|
r-devel-linux-x86_64-debian-clang | 1.2.0 | 29.56 | 81.02 | 110.58 | NOTE | |
r-devel-linux-x86_64-debian-gcc | 1.2.0 | 20.81 | 61.39 | 82.20 | NOTE | |
r-devel-linux-x86_64-fedora-clang | 1.2.0 | 189.15 | OK | |||
r-devel-linux-x86_64-fedora-gcc | 1.2.0 | 175.78 | OK | |||
r-devel-windows-x86_64 | 1.2.0 | 40.00 | 113.00 | 153.00 | NOTE | |
r-patched-linux-x86_64 | 1.2.0 | 34.27 | 76.09 | 110.36 | OK | |
r-release-linux-x86_64 | 1.2.0 | 26.95 | 75.24 | 102.19 | OK | |
r-release-macos-arm64 | 1.2.0 | 50.00 | OK | |||
r-release-macos-x86_64 | 1.2.0 | 72.00 | OK | |||
r-release-windows-x86_64 | 1.2.0 | 35.00 | 107.00 | 142.00 | OK | |
r-oldrel-macos-arm64 | 1.2.0 | 56.00 | OK | |||
r-oldrel-macos-x86_64 | 1.2.0 | 87.00 | OK | |||
r-oldrel-windows-x86_64 | 1.2.0 | 46.00 | 134.00 | 180.00 | OK |
Version: 1.2.0
Check: Rd cross-references
Result: NOTE
Found the following Rd file(s) with Rd \link{} targets missing package
anchors:
clusvisMixmod.Rd: MixmodCluster-class
clusvisVarSelLCM.Rd: VSLCMresults-class
Please provide package anchors for all Rd \link{} targets not in the
package itself and the base packages.
Flavors: r-devel-linux-x86_64-debian-clang, r-devel-linux-x86_64-debian-gcc, r-devel-windows-x86_64