CRAN Package Check Results for Package ClusVis

Last updated on 2024-07-24 07:50:59 CEST.

Flavor Version Tinstall Tcheck Ttotal Status Flags
r-devel-linux-x86_64-debian-clang 1.2.0 39.04 101.84 140.88 OK
r-devel-linux-x86_64-debian-gcc 1.2.0 26.87 77.86 104.73 NOTE
r-devel-linux-x86_64-fedora-clang 1.2.0 197.11 OK
r-devel-linux-x86_64-fedora-gcc 1.2.0 178.77 OK
r-devel-windows-x86_64 1.2.0 36.00 108.00 144.00 NOTE
r-patched-linux-x86_64 1.2.0 40.53 97.74 138.27 OK
r-release-linux-x86_64 1.2.0 25.14 95.53 120.67 OK
r-release-macos-arm64 1.2.0 50.00 OK
r-release-macos-x86_64 1.2.0 72.00 OK
r-release-windows-x86_64 1.2.0 42.00 107.00 149.00 OK
r-oldrel-macos-arm64 1.2.0 56.00 OK
r-oldrel-macos-x86_64 1.2.0 87.00 OK
r-oldrel-windows-x86_64 1.2.0 44.00 130.00 174.00 OK

Check Details

Version: 1.2.0
Check: Rd cross-references
Result: NOTE Found the following Rd file(s) with Rd \link{} targets missing package anchors: clusvisMixmod.Rd: MixmodCluster-class clusvisVarSelLCM.Rd: VSLCMresults-class Please provide package anchors for all Rd \link{} targets not in the package itself and the base packages. Flavors: r-devel-linux-x86_64-debian-gcc, r-devel-windows-x86_64