Last updated on 2024-06-12 19:54:14 CEST.
Flavor | Version | Tinstall | Tcheck | Ttotal | Status | Flags |
---|---|---|---|---|---|---|
r-devel-linux-x86_64-debian-clang | 1.7.10 | 23.20 | 152.97 | 176.17 | OK | |
r-devel-linux-x86_64-debian-gcc | 1.7.10 | 0.37 | 1.60 | 1.97 | ERROR | |
r-devel-linux-x86_64-fedora-clang | 1.7.10 | 211.65 | OK | |||
r-devel-linux-x86_64-fedora-gcc | 1.7.10 | 199.04 | OK | |||
r-devel-windows-x86_64 | 1.7.10 | 18.00 | 131.00 | 149.00 | OK | |
r-patched-linux-x86_64 | 1.7.10 | 14.16 | 146.47 | 160.63 | OK | |
r-release-linux-x86_64 | 1.7.10 | 17.96 | 145.76 | 163.72 | OK | |
r-release-macos-arm64 | 1.7.10 | 65.00 | OK | |||
r-release-macos-x86_64 | 1.7.10 | 92.00 | OK | |||
r-release-windows-x86_64 | 1.7.10 | 20.00 | 170.00 | 190.00 | OK | |
r-oldrel-macos-arm64 | 1.7.10 | 75.00 | OK | |||
r-oldrel-macos-x86_64 | 1.7.10 | 112.00 | OK | |||
r-oldrel-windows-x86_64 | 1.7.10 | 23.00 | 164.00 | 187.00 | OK |
Version: 1.7.10
Check: package dependencies
Result: ERROR
Packages required but not available:
'ClusterR', 'dplyr', 'ggplot2', 'sqldf', 'toOrdinal'
Packages suggested but not available for checking:
'shinyFiles', 'tidyverse'
See section ‘The DESCRIPTION file’ in the ‘Writing R Extensions’
manual.
Flavor: r-devel-linux-x86_64-debian-gcc