Last updated on 2024-06-12 19:54:14 CEST.
Flavor | Version | Tinstall | Tcheck | Ttotal | Status | Flags |
---|---|---|---|---|---|---|
r-devel-linux-x86_64-debian-clang | 1.0 | 36.64 | 347.40 | 384.04 | OK | |
r-devel-linux-x86_64-debian-gcc | 1.0 | 0.29 | 1.61 | 1.90 | ERROR | |
r-devel-linux-x86_64-fedora-clang | 1.0 | 474.27 | OK | |||
r-devel-linux-x86_64-fedora-gcc | 1.0 | 462.81 | OK | |||
r-devel-windows-x86_64 | 1.0 | 29.00 | 212.00 | 241.00 | OK | |
r-patched-linux-x86_64 | 1.0 | 30.47 | 330.32 | 360.79 | OK | |
r-release-linux-x86_64 | 1.0 | 25.56 | 329.94 | 355.50 | OK | |
r-release-macos-arm64 | 1.0 | 104.00 | OK | |||
r-release-macos-x86_64 | 1.0 | 175.00 | OK | |||
r-release-windows-x86_64 | 1.0 | 28.00 | 208.00 | 236.00 | OK | |
r-oldrel-macos-arm64 | 1.0 | 99.00 | OK | |||
r-oldrel-macos-x86_64 | 1.0 | 282.00 | OK | |||
r-oldrel-windows-x86_64 | 1.0 | 42.00 | 285.00 | 327.00 | OK |
Version: 1.0
Check: package dependencies
Result: ERROR
Package required but not available: ‘Compositional’
See section ‘The DESCRIPTION file’ in the ‘Writing R Extensions’
manual.
Flavor: r-devel-linux-x86_64-debian-gcc