CRAN Package Check Results for Package Durga

Last updated on 2025-06-23 02:50:14 CEST.

Flavor Version Tinstall Tcheck Ttotal Status Flags
r-devel-linux-x86_64-debian-clang 2.0 3.60 167.30 170.90 NOTE
r-devel-linux-x86_64-debian-gcc 2.0 2.63 107.79 110.42 NOTE
r-devel-linux-x86_64-fedora-clang 2.0 261.05 OK
r-devel-linux-x86_64-fedora-gcc 2.0 274.70 OK
r-devel-windows-x86_64 2.0 5.00 171.00 176.00 NOTE
r-patched-linux-x86_64 2.0 4.21 156.56 160.77 NOTE
r-release-linux-x86_64 2.0 3.06 155.01 158.07 NOTE
r-release-macos-arm64 2.0 78.00 OK
r-release-macos-x86_64 2.0 154.00 OK
r-release-windows-x86_64 2.0 5.00 168.00 173.00 NOTE
r-oldrel-macos-arm64 2.0 72.00 OK
r-oldrel-macos-x86_64 2.0 119.00 OK
r-oldrel-windows-x86_64 2.0 6.00 237.00 243.00 OK

Check Details

Version: 2.0
Check: Rd cross-references
Result: NOTE Found the following Rd file(s) with Rd \link{} targets missing package anchors: DurgaPlot.Rd: RColorBrewer Please provide package anchors for all Rd \link{} targets not in the package itself and the base packages. Flavors: r-devel-linux-x86_64-debian-clang, r-devel-linux-x86_64-debian-gcc, r-devel-windows-x86_64, r-patched-linux-x86_64, r-release-linux-x86_64, r-release-windows-x86_64