Last updated on 2025-01-21 07:49:11 CET.
Flavor | Version | Tinstall | Tcheck | Ttotal | Status | Flags |
---|---|---|---|---|---|---|
r-devel-linux-x86_64-debian-clang | 1.1.4 | 9.78 | 86.71 | 96.49 | NOTE | |
r-devel-linux-x86_64-debian-gcc | 1.1.4 | 7.15 | 65.14 | 72.29 | NOTE | |
r-devel-linux-x86_64-fedora-clang | 1.1.4 | 165.70 | OK | |||
r-devel-linux-x86_64-fedora-gcc | 1.1.4 | 176.81 | OK | |||
r-devel-windows-x86_64 | 1.1.4 | 11.00 | 100.00 | 111.00 | NOTE | |
r-patched-linux-x86_64 | 1.1.4 | 14.26 | 80.45 | 94.71 | OK | |
r-release-linux-x86_64 | 1.1.4 | 8.75 | 81.05 | 89.80 | OK | |
r-release-macos-arm64 | 1.1.4 | 52.00 | OK | |||
r-release-macos-x86_64 | 1.1.4 | 78.00 | OK | |||
r-release-windows-x86_64 | 1.1.4 | 13.00 | 107.00 | 120.00 | OK | |
r-oldrel-macos-arm64 | 1.1.4 | 55.00 | OK | |||
r-oldrel-macos-x86_64 | 1.1.4 | 80.00 | OK | |||
r-oldrel-windows-x86_64 | 1.1.4 | 14.00 | 122.00 | 136.00 | OK |
Version: 1.1.4
Check: Rd cross-references
Result: NOTE
Found the following Rd file(s) with Rd \link{} targets missing package
anchors:
Regression.Integrator.PCR.SelMin.Config-class.Rd:
Regression.Integrator.Config-class
Regression.Integrator.PCR.SelMin.FitObj-class.Rd:
Regression.Integrator.FitObj-class
epcreg.Rd: Instance.List-class, Regression.CV.Batch.FitObj-class,
Regression.Batch.FitObj-class
epcreg.baselearner.control.Rd: rmse.error
Please provide package anchors for all Rd \link{} targets not in the
package itself and the base packages.
Flavors: r-devel-linux-x86_64-debian-clang, r-devel-linux-x86_64-debian-gcc, r-devel-windows-x86_64