CRAN Package Check Results for Package FAOSTAT

Last updated on 2024-07-18 08:51:08 CEST.

Flavor Version Tinstall Tcheck Ttotal Status Flags
r-devel-linux-x86_64-debian-clang 2.4.0 5.76 55.47 61.23 OK
r-devel-linux-x86_64-debian-gcc 2.4.0 4.32 40.70 45.02 OK
r-devel-linux-x86_64-fedora-clang 2.4.0 77.90 NOTE
r-devel-linux-x86_64-fedora-gcc 2.4.0 84.36 NOTE
r-devel-windows-x86_64 2.4.0 6.00 75.00 81.00 OK
r-patched-linux-x86_64 2.4.0 5.05 52.04 57.09 OK
r-release-linux-x86_64 2.4.0 5.59 51.67 57.26 OK
r-release-macos-arm64 2.4.0 35.00 OK
r-release-macos-x86_64 2.4.0 49.00 WARN
r-release-windows-x86_64 2.4.0 6.00 75.00 81.00 OK
r-oldrel-macos-arm64 2.4.0 37.00 OK
r-oldrel-macos-x86_64 2.4.0 80.00 OK
r-oldrel-windows-x86_64 2.4.0 7.00 79.00 86.00 OK

Check Details

Version: 2.4.0
Check: data for non-ASCII characters
Result: NOTE Note: found 179 marked UTF-8 strings Flavors: r-devel-linux-x86_64-fedora-clang, r-devel-linux-x86_64-fedora-gcc

Version: 2.4.0
Check: re-building of vignette outputs
Result: WARN Error(s) in re-building vignettes: ... --- re-building ‘FAOSTAT.Rnw’ using knitr Error: processing vignette 'FAOSTAT.Rnw' failed with diagnostics: Running 'texi2dvi' on 'FAOSTAT.tex' failed. LaTeX errors: ! Undefined control sequence. l.162 \hlkwa{if}\hldef {(}\hlopt{!}\hlkwd{is.element}\hldef{(}\hlsng{"FAOSTAT... ? ! Emergency stop. l.162 End of file on the terminal! ! ==> Fatal error occurred, no output PDF file produced! --- failed re-building ‘FAOSTAT.Rnw’ SUMMARY: processing the following file failed: ‘FAOSTAT.Rnw’ Error: Vignette re-building failed. Execution halted Flavor: r-release-macos-x86_64