CRAN Package Check Results for Package FSelectorRcpp

Last updated on 2024-07-22 08:49:05 CEST.

Flavor Version Tinstall Tcheck Ttotal Status Flags
r-devel-linux-x86_64-debian-clang 0.3.11 87.85 72.46 160.31 NOTE
r-devel-linux-x86_64-debian-gcc 0.3.11 65.14 54.44 119.58 NOTE
r-devel-linux-x86_64-fedora-clang 0.3.11 281.46 NOTE
r-devel-linux-x86_64-fedora-gcc 0.3.11 266.32 NOTE
r-devel-windows-x86_64 0.3.11 80.00 108.00 188.00 NOTE
r-patched-linux-x86_64 0.3.11 104.35 70.11 174.46 NOTE
r-release-linux-x86_64 0.3.11 63.64 70.57 134.21 NOTE
r-release-macos-arm64 0.3.11 72.00 NOTE
r-release-macos-x86_64 0.3.11 148.00 NOTE
r-release-windows-x86_64 0.3.11 93.00 106.00 199.00 NOTE
r-oldrel-macos-arm64 0.3.11 77.00 NOTE
r-oldrel-macos-x86_64 0.3.11 115.00 NOTE
r-oldrel-windows-x86_64 0.3.11 115.00 120.00 235.00 OK

Additional issues

noSuggests

Check Details

Version: 0.3.11
Check: Rd files
Result: NOTE checkRd: (-1) dot-information_gain.Rd:43: Lost braces in \itemize; meant \describe ? checkRd: (-1) dot-information_gain.Rd:44: Lost braces in \itemize; meant \describe ? checkRd: (-1) information_gain.Rd:44: Lost braces in \itemize; \value handles \item{}{} directly checkRd: (-1) information_gain.Rd:45: Lost braces in \itemize; \value handles \item{}{} directly Flavors: r-devel-linux-x86_64-debian-clang, r-devel-linux-x86_64-debian-gcc, r-devel-linux-x86_64-fedora-clang, r-devel-linux-x86_64-fedora-gcc, r-devel-windows-x86_64, r-patched-linux-x86_64, r-release-linux-x86_64, r-release-macos-arm64, r-release-macos-x86_64, r-release-windows-x86_64

Version: 0.3.11
Check: Rd cross-references
Result: NOTE Found the following Rd file(s) with Rd \link{} targets missing package anchors: feature_search.Rd: foreach Please provide package anchors for all Rd \link{} targets not in the package itself and the base packages. Flavors: r-devel-linux-x86_64-debian-gcc, r-devel-windows-x86_64

Version: 0.3.11
Check: package dependencies
Result: NOTE Package suggested but not available for checking: ‘RTCGA.rnaseq’ Flavors: r-release-macos-arm64, r-oldrel-macos-arm64, r-oldrel-macos-x86_64

Version: 0.3.11
Check: installed package size
Result: NOTE installed size is 9.9Mb sub-directories of 1Mb or more: libs 9.5Mb Flavors: r-release-macos-arm64, r-release-macos-x86_64, r-oldrel-macos-arm64, r-oldrel-macos-x86_64