CRAN Package Check Results for Package FairMclus

Last updated on 2025-01-25 13:51:04 CET.

Flavor Version Tinstall Tcheck Ttotal Status Flags
r-devel-linux-x86_64-debian-clang 2.2.1 4.84 35.14 39.98 OK
r-devel-linux-x86_64-debian-gcc 2.2.1 3.38 25.95 29.33 OK
r-devel-linux-x86_64-fedora-clang 2.2.1 63.86 NOTE
r-devel-linux-x86_64-fedora-gcc 2.2.1 58.19 NOTE
r-devel-windows-x86_64 2.2.1 6.00 51.00 57.00 OK
r-patched-linux-x86_64 2.2.1 4.14 32.24 36.38 OK
r-release-linux-x86_64 2.2.1 4.95 32.10 37.05 OK
r-release-macos-arm64 2.2.1 22.00 OK
r-release-macos-x86_64 2.2.1 33.00 OK
r-release-windows-x86_64 2.2.1 7.00 51.00 58.00 OK
r-oldrel-macos-arm64 2.2.1 24.00 OK
r-oldrel-macos-x86_64 2.2.1 37.00 OK
r-oldrel-windows-x86_64 2.2.1 7.00 58.00 65.00 OK

Check Details

Version: 2.2.1
Check: dependencies in R code
Result: NOTE Namespaces in Imports field not imported from: ‘base’ ‘data.table’ All declared Imports should be used. Flavors: r-devel-linux-x86_64-fedora-clang, r-devel-linux-x86_64-fedora-gcc