Last updated on 2025-01-19 01:48:22 CET.
Flavor | Version | Tinstall | Tcheck | Ttotal | Status | Flags |
---|---|---|---|---|---|---|
r-devel-linux-x86_64-debian-clang | 0.2.1 | 11.82 | 53.64 | 65.46 | OK | |
r-devel-linux-x86_64-debian-gcc | 0.2.1 | 9.15 | 38.49 | 47.64 | OK | |
r-devel-linux-x86_64-fedora-clang | 0.2.1 | 114.80 | NOTE | |||
r-devel-linux-x86_64-fedora-gcc | 0.2.1 | 121.00 | NOTE | |||
r-devel-windows-x86_64 | 0.2.1 | 19.00 | 106.00 | 125.00 | OK | |
r-patched-linux-x86_64 | 0.2.1 | 13.36 | 49.45 | 62.81 | OK | |
r-release-linux-x86_64 | 0.2.1 | 12.31 | 49.59 | 61.90 | OK | |
r-release-macos-arm64 | 0.2.1 | 46.00 | OK | |||
r-release-macos-x86_64 | 0.2.1 | 145.00 | OK | |||
r-release-windows-x86_64 | 0.2.1 | 17.00 | 107.00 | 124.00 | OK | |
r-oldrel-macos-arm64 | 0.2.1 | 50.00 | OK | |||
r-oldrel-macos-x86_64 | 0.2.1 | 85.00 | OK | |||
r-oldrel-windows-x86_64 | 0.2.1 | 21.00 | 120.00 | 141.00 | OK |
Version: 0.2.1
Check: dependencies in R code
Result: NOTE
Namespace in Imports field not imported from: ‘lifecycle’
All declared Imports should be used.
Flavors: r-devel-linux-x86_64-fedora-clang, r-devel-linux-x86_64-fedora-gcc