CRAN Package Check Results for Package GDAtools

Last updated on 2025-01-20 05:48:20 CET.

Flavor Version Tinstall Tcheck Ttotal Status Flags
r-devel-linux-x86_64-debian-clang 2.1 14.16 182.34 196.50 NOTE
r-devel-linux-x86_64-debian-gcc 2.1 8.84 117.84 126.68 NOTE
r-devel-linux-x86_64-fedora-clang 2.1 304.72 OK
r-devel-linux-x86_64-fedora-gcc 2.1 304.76 OK
r-devel-windows-x86_64 2.1 20.00 189.00 209.00 NOTE
r-patched-linux-x86_64 2.1 24.54 167.86 192.40 OK
r-release-linux-x86_64 2.1 12.99 168.07 181.06 OK
r-release-macos-arm64 2.1 85.00 OK
r-release-macos-x86_64 2.1 123.00 OK
r-release-windows-x86_64 2.1 17.00 196.00 213.00 OK
r-oldrel-macos-arm64 2.1 91.00 OK
r-oldrel-macos-x86_64 2.1 197.00 OK
r-oldrel-windows-x86_64 2.1 22.00 239.00 261.00 OK

Check Details

Version: 2.1
Check: Rd cross-references
Result: NOTE Found the following Rd file(s) with Rd \link{} targets missing package anchors: angles.csa.Rd: MCA dimdescr.Rd: dimdesc medoids.Rd: cluster, pam modif.rate.Rd: MCA Please provide package anchors for all Rd \link{} targets not in the package itself and the base packages. Flavors: r-devel-linux-x86_64-debian-clang, r-devel-linux-x86_64-debian-gcc, r-devel-windows-x86_64