CRAN Package Check Results for Package GFD

Last updated on 2024-07-17 08:55:13 CEST.

Flavor Version Tinstall Tcheck Ttotal Status Flags
r-devel-linux-x86_64-debian-clang 0.3.3 7.14 82.01 89.15 NOTE
r-devel-linux-x86_64-debian-gcc 0.3.3 5.90 59.65 65.55 NOTE
r-devel-linux-x86_64-fedora-clang 0.3.3 113.60 NOTE
r-devel-linux-x86_64-fedora-gcc 0.3.3 117.89 NOTE
r-devel-windows-x86_64 0.3.3 9.00 74.00 83.00 NOTE
r-patched-linux-x86_64 0.3.3 8.02 75.00 83.02 NOTE
r-release-linux-x86_64 0.3.3 5.23 76.61 81.84 NOTE
r-release-macos-arm64 0.3.3 36.00 NOTE
r-release-macos-x86_64 0.3.3 55.00 NOTE
r-release-windows-x86_64 0.3.3 8.00 73.00 81.00 NOTE
r-oldrel-macos-arm64 0.3.3 45.00 NOTE
r-oldrel-macos-x86_64 0.3.3 53.00 NOTE
r-oldrel-windows-x86_64 0.3.3 11.00 85.00 96.00 NOTE

Check Details

Version: 0.3.3
Check: package dependencies
Result: NOTE Package suggested but not available for checking: ‘RGtk2’ Flavors: r-devel-linux-x86_64-debian-clang, r-devel-linux-x86_64-debian-gcc, r-devel-linux-x86_64-fedora-clang, r-devel-linux-x86_64-fedora-gcc, r-devel-windows-x86_64, r-patched-linux-x86_64, r-release-linux-x86_64, r-release-macos-arm64, r-release-macos-x86_64, r-release-windows-x86_64, r-oldrel-macos-arm64, r-oldrel-macos-x86_64, r-oldrel-windows-x86_64

Version: 0.3.3
Check: Rd files
Result: NOTE checkRd: (-1) QANOVA.Rd:62: Lost braces in \itemize; meant \describe ? checkRd: (-1) QANOVA.Rd:63: Lost braces in \itemize; meant \describe ? checkRd: (-1) QANOVA.Rd:64-66: Lost braces in \itemize; meant \describe ? checkRd: (-1) QANOVA.Rd:67: Lost braces in \itemize; meant \describe ? Flavors: r-devel-linux-x86_64-debian-clang, r-devel-linux-x86_64-debian-gcc, r-devel-linux-x86_64-fedora-clang, r-devel-linux-x86_64-fedora-gcc, r-devel-windows-x86_64, r-patched-linux-x86_64, r-release-linux-x86_64, r-release-macos-arm64, r-release-macos-x86_64, r-release-windows-x86_64