CRAN Package Check Results for Package GInSARCorW

Last updated on 2025-06-13 13:50:56 CEST.

Flavor Version Tinstall Tcheck Ttotal Status Flags
r-devel-linux-x86_64-debian-clang 1.15.8 28.38 229.67 258.05 NOTE
r-devel-linux-x86_64-debian-gcc 1.15.8 17.16 145.36 162.52 NOTE
r-devel-linux-x86_64-fedora-clang 1.15.8 430.15 OK
r-devel-linux-x86_64-fedora-gcc 1.15.8 420.92 OK
r-devel-windows-x86_64 1.15.8 23.00 174.00 197.00 OK
r-patched-linux-x86_64 1.15.8 24.38 214.86 239.24 OK
r-release-linux-x86_64 1.15.8 25.65 216.92 242.57 OK
r-release-macos-arm64 1.15.8 92.00 OK
r-release-macos-x86_64 1.15.8 188.00 OK
r-release-windows-x86_64 1.15.8 24.00 172.00 196.00 OK
r-oldrel-macos-arm64 1.15.8 81.00 OK
r-oldrel-macos-x86_64 1.15.8 135.00 OK
r-oldrel-windows-x86_64 1.15.8 34.00 247.00 281.00 OK

Check Details

Version: 1.15.8
Check: CRAN incoming feasibility
Result: NOTE Maintainer: ‘Subhadip Datta <subhadipdatta007@gmail.com>’ No Authors@R field in DESCRIPTION. Please add one, modifying Authors@R: person(given = "Subhadip", family = "Datta", role = c("aut", "cre"), email = "subhadipdatta007@gmail.com") as necessary. Flavors: r-devel-linux-x86_64-debian-clang, r-devel-linux-x86_64-debian-gcc