Last updated on 2025-01-21 07:49:13 CET.
Flavor | Version | Tinstall | Tcheck | Ttotal | Status | Flags |
---|---|---|---|---|---|---|
r-devel-linux-x86_64-debian-clang | 0.1.0-6 | 169.47 | 38.75 | 208.22 | OK | |
r-devel-linux-x86_64-debian-gcc | 0.1.0-6 | 138.79 | 36.64 | 175.43 | OK | |
r-devel-linux-x86_64-fedora-clang | 0.1.0-6 | 318.45 | OK | |||
r-devel-linux-x86_64-fedora-gcc | 0.1.0-6 | 446.36 | OK | |||
r-devel-windows-x86_64 | 0.1.0-6 | 136.00 | 89.00 | 225.00 | OK | |
r-patched-linux-x86_64 | 0.1.0-6 | 204.36 | 46.61 | 250.97 | OK | |
r-release-linux-x86_64 | 0.1.0-6 | 197.51 | 47.20 | 244.71 | OK | |
r-release-macos-arm64 | 0.1.0-6 | 92.00 | NOTE | |||
r-release-macos-x86_64 | 0.1.0-6 | 90.00 | NOTE | |||
r-release-windows-x86_64 | 0.1.0-6 | 138.00 | 88.00 | 226.00 | OK | |
r-oldrel-macos-arm64 | 0.1.0-6 | 98.00 | NOTE | |||
r-oldrel-macos-x86_64 | 0.1.0-6 | 152.00 | NOTE | |||
r-oldrel-windows-x86_64 | 0.1.0-6 | 162.00 | 108.00 | 270.00 | OK |
Version: 0.1.0-6
Check: installed package size
Result: NOTE
installed size is 35.8Mb
sub-directories of 1Mb or more:
libs 35.4Mb
Flavors: r-release-macos-arm64, r-release-macos-x86_64, r-oldrel-macos-arm64, r-oldrel-macos-x86_64