Last updated on 2025-01-26 01:48:25 CET.
Flavor | Version | Tinstall | Tcheck | Ttotal | Status | Flags |
---|---|---|---|---|---|---|
r-devel-linux-x86_64-debian-clang | 1.2.0 | 30.87 | 76.03 | 106.90 | NOTE | |
r-devel-linux-x86_64-debian-gcc | 1.2.0 | 22.45 | 59.48 | 81.93 | NOTE | |
r-devel-linux-x86_64-fedora-clang | 1.2.0 | 183.97 | NOTE | |||
r-devel-linux-x86_64-fedora-gcc | 1.2.0 | 177.79 | NOTE | |||
r-devel-windows-x86_64 | 1.2.0 | 35.00 | 111.00 | 146.00 | NOTE | |
r-patched-linux-x86_64 | 1.2.0 | 31.97 | 71.72 | 103.69 | NOTE | |
r-release-linux-x86_64 | 1.2.0 | 28.96 | 72.20 | 101.16 | NOTE | |
r-release-macos-arm64 | 1.2.0 | 48.00 | NOTE | |||
r-release-macos-x86_64 | 1.2.0 | 118.00 | NOTE | |||
r-release-windows-x86_64 | 1.2.0 | 35.00 | 107.00 | 142.00 | NOTE | |
r-oldrel-macos-arm64 | 1.2.0 | 64.00 | OK | |||
r-oldrel-macos-x86_64 | 1.2.0 | 92.00 | OK | |||
r-oldrel-windows-x86_64 | 1.2.0 | 39.00 | 140.00 | 179.00 | OK |
Version: 1.2.0
Check: Rd files
Result: NOTE
checkRd: (-1) solve_game.Rd:86: Lost braces in \itemize; \value handles \item{}{} directly
checkRd: (-1) solve_game.Rd:87: Lost braces in \itemize; \value handles \item{}{} directly
checkRd: (-1) solve_game.Rd:88: Lost braces in \itemize; \value handles \item{}{} directly
checkRd: (-1) solve_game.Rd:89: Lost braces in \itemize; \value handles \item{}{} directly
checkRd: (-1) solve_game.Rd:90: Lost braces in \itemize; \value handles \item{}{} directly
Flavors: r-devel-linux-x86_64-debian-clang, r-devel-linux-x86_64-debian-gcc, r-devel-linux-x86_64-fedora-clang, r-devel-linux-x86_64-fedora-gcc, r-devel-windows-x86_64, r-patched-linux-x86_64, r-release-linux-x86_64, r-release-macos-arm64, r-release-macos-x86_64, r-release-windows-x86_64