CRAN Package Check Results for Package GPSCDF

Last updated on 2024-07-22 08:49:06 CEST.

Flavor Version Tinstall Tcheck Ttotal Status Flags
r-devel-linux-x86_64-debian-clang 0.1.1 10.11 116.44 126.55 NOTE
r-devel-linux-x86_64-debian-gcc 0.1.1 9.80 85.79 95.59 NOTE
r-devel-linux-x86_64-fedora-clang 0.1.1 158.14 NOTE
r-devel-linux-x86_64-fedora-gcc 0.1.1 148.04 NOTE
r-devel-windows-x86_64 0.1.1 13.00 93.00 106.00 NOTE
r-patched-linux-x86_64 0.1.1 11.10 109.46 120.56 NOTE
r-release-linux-x86_64 0.1.1 7.88 110.04 117.92 NOTE
r-release-macos-arm64 0.1.1 47.00 NOTE
r-release-macos-x86_64 0.1.1 84.00 NOTE
r-release-windows-x86_64 0.1.1 12.00 90.00 102.00 NOTE
r-oldrel-macos-arm64 0.1.1 50.00 NOTE
r-oldrel-macos-x86_64 0.1.1 78.00 NOTE
r-oldrel-windows-x86_64 0.1.1 16.00 110.00 126.00 NOTE

Check Details

Version: 0.1.1
Check: LazyData
Result: NOTE 'LazyData' is specified without a 'data' directory Flavors: r-devel-linux-x86_64-debian-clang, r-devel-linux-x86_64-debian-gcc, r-devel-linux-x86_64-fedora-clang, r-devel-linux-x86_64-fedora-gcc, r-devel-windows-x86_64, r-patched-linux-x86_64, r-release-linux-x86_64, r-release-macos-arm64, r-release-macos-x86_64, r-release-windows-x86_64, r-oldrel-macos-arm64, r-oldrel-macos-x86_64, r-oldrel-windows-x86_64