CRAN Package Check Results for Package GUIProfiler

Last updated on 2024-07-25 08:50:38 CEST.

Flavor Version Tinstall Tcheck Ttotal Status Flags
r-devel-linux-x86_64-debian-clang 2.0.1 4.49 55.24 59.73 NOTE
r-devel-linux-x86_64-debian-gcc 2.0.1 3.79 43.43 47.22 NOTE
r-devel-linux-x86_64-fedora-clang 2.0.1 71.73 NOTE
r-devel-linux-x86_64-fedora-gcc 2.0.1 72.73 NOTE
r-devel-windows-x86_64 2.0.1 6.00 62.00 68.00 OK
r-patched-linux-x86_64 2.0.1 NOTE
r-release-linux-x86_64 2.0.1 3.91 56.06 59.97 NOTE
r-release-macos-arm64 2.0.1 30.00 OK
r-release-macos-x86_64 2.0.1 41.00 OK
r-release-windows-x86_64 2.0.1 6.00 61.00 67.00 OK
r-oldrel-macos-arm64 2.0.1 31.00 OK
r-oldrel-macos-x86_64 2.0.1 44.00 OK
r-oldrel-windows-x86_64 2.0.1 5.00 70.00 75.00 OK

Check Details

Version: 2.0.1
Check: for non-standard things in the check directory
Result: NOTE Found the following files/directories: ‘RRprof.out’ Flavors: r-devel-linux-x86_64-debian-clang, r-devel-linux-x86_64-debian-gcc, r-devel-linux-x86_64-fedora-clang, r-devel-linux-x86_64-fedora-gcc, r-patched-linux-x86_64, r-release-linux-x86_64