CRAN Package Check Results for Package Grace

Last updated on 2024-07-20 19:52:51 CEST.

Flavor Version Tinstall Tcheck Ttotal Status Flags
r-devel-linux-x86_64-debian-clang 0.5.3 7.06 80.26 87.32 NOTE
r-devel-linux-x86_64-debian-gcc 0.5.3 6.61 60.28 66.89 NOTE
r-devel-linux-x86_64-fedora-clang 0.5.3 108.91 NOTE
r-devel-linux-x86_64-fedora-gcc 0.5.3 105.08 NOTE
r-devel-windows-x86_64 0.5.3 8.00 86.00 94.00 NOTE
r-patched-linux-x86_64 0.5.3 8.53 75.32 83.85 NOTE
r-release-linux-x86_64 0.5.3 8.13 78.50 86.63 NOTE
r-release-macos-arm64 0.5.3 33.00 NOTE
r-release-macos-x86_64 0.5.3 50.00 NOTE
r-release-windows-x86_64 0.5.3 7.00 79.00 86.00 NOTE
r-oldrel-macos-arm64 0.5.3 40.00 NOTE
r-oldrel-macos-x86_64 0.5.3 60.00 NOTE
r-oldrel-windows-x86_64 0.5.3 10.00 91.00 101.00 NOTE

Check Details

Version: 0.5.3
Check: LazyData
Result: NOTE 'LazyData' is specified without a 'data' directory Flavors: r-devel-linux-x86_64-debian-clang, r-devel-linux-x86_64-debian-gcc, r-devel-linux-x86_64-fedora-clang, r-devel-linux-x86_64-fedora-gcc, r-devel-windows-x86_64, r-patched-linux-x86_64, r-release-linux-x86_64, r-release-macos-arm64, r-release-macos-x86_64, r-release-windows-x86_64, r-oldrel-macos-arm64, r-oldrel-macos-x86_64, r-oldrel-windows-x86_64