Last updated on 2025-01-21 20:49:45 CET.
Flavor | Version | Tinstall | Tcheck | Ttotal | Status | Flags |
---|---|---|---|---|---|---|
r-devel-linux-x86_64-debian-clang | 1.1.3 | 19.05 | 76.81 | 95.86 | OK | |
r-devel-linux-x86_64-debian-gcc | 1.1.3 | 17.80 | 55.04 | 72.84 | OK | |
r-devel-linux-x86_64-fedora-clang | 1.1.3 | 156.51 | OK | |||
r-devel-linux-x86_64-fedora-gcc | 1.1.3 | 157.37 | OK | |||
r-devel-windows-x86_64 | 1.1.3 | 23.00 | 84.00 | 107.00 | OK | |
r-patched-linux-x86_64 | 1.1.3 | 19.65 | 71.48 | 91.13 | OK | |
r-release-linux-x86_64 | 1.1.3 | 20.40 | 71.84 | 92.24 | OK | |
r-release-macos-arm64 | 1.1.3 | 54.00 | NOTE | |||
r-release-macos-x86_64 | 1.1.3 | 81.00 | NOTE | |||
r-release-windows-x86_64 | 1.1.3 | 22.00 | 82.00 | 104.00 | OK | |
r-oldrel-macos-arm64 | 1.1.3 | 64.00 | OK | |||
r-oldrel-macos-x86_64 | 1.1.3 | 83.00 | NOTE | |||
r-oldrel-windows-x86_64 | 1.1.3 | 25.00 | 103.00 | 128.00 | OK |
Version: 1.1.3
Check: installed package size
Result: NOTE
installed size is 5.1Mb
sub-directories of 1Mb or more:
data 4.7Mb
Flavors: r-release-macos-arm64, r-release-macos-x86_64, r-oldrel-macos-x86_64