CRAN Package Check Results for Package HLMdiag

Last updated on 2024-07-22 08:49:07 CEST.

Flavor Version Tinstall Tcheck Ttotal Status Flags
r-devel-linux-x86_64-debian-clang 0.5.0 90.64 295.11 385.75 NOTE
r-devel-linux-x86_64-debian-gcc 0.5.0 62.12 222.02 284.14 NOTE
r-devel-linux-x86_64-fedora-clang 0.5.0 547.05 NOTE
r-devel-linux-x86_64-fedora-gcc 0.5.0 508.12 NOTE
r-devel-windows-x86_64 0.5.0 78.00 245.00 323.00 NOTE
r-patched-linux-x86_64 0.5.0 98.44 291.03 389.47 NOTE
r-release-linux-x86_64 0.5.0 60.29 285.02 345.31 NOTE
r-release-macos-arm64 0.5.0 138.00 NOTE
r-release-macos-x86_64 0.5.0 245.00 NOTE
r-release-windows-x86_64 0.5.0 88.00 235.00 323.00 NOTE
r-oldrel-macos-arm64 0.5.0 155.00 NOTE
r-oldrel-macos-x86_64 0.5.0 260.00 NOTE
r-oldrel-windows-x86_64 0.5.0 107.00 313.00 420.00 NOTE

Check Details

Version: 0.5.0
Check: C++ specification
Result: NOTE Specified C++11: please drop specification unless essential Flavors: r-devel-linux-x86_64-debian-clang, r-devel-linux-x86_64-debian-gcc, r-devel-linux-x86_64-fedora-clang, r-devel-linux-x86_64-fedora-gcc, r-devel-windows-x86_64, r-patched-linux-x86_64, r-release-linux-x86_64, r-release-macos-arm64, r-release-macos-x86_64, r-release-windows-x86_64, r-oldrel-macos-arm64, r-oldrel-macos-x86_64, r-oldrel-windows-x86_64

Version: 0.5.0
Check: Rd cross-references
Result: NOTE Found the following Rd file(s) with Rd \link{} targets missing package anchors: hlm_resid.lmerMod.Rd: ranef Please provide package anchors for all Rd \link{} targets not in the package itself and the base packages. Flavors: r-devel-linux-x86_64-debian-gcc, r-devel-windows-x86_64