CRAN Package Check Results for Package Haplin

Last updated on 2025-01-24 10:49:13 CET.

Flavor Version Tinstall Tcheck Ttotal Status Flags
r-devel-linux-x86_64-debian-clang 7.3.2 21.76 372.15 393.91 OK
r-devel-linux-x86_64-debian-gcc 7.3.2 13.98 244.16 258.14 OK
r-devel-linux-x86_64-fedora-clang 7.3.2 683.44 OK
r-devel-linux-x86_64-fedora-gcc 7.3.2 628.24 OK
r-devel-windows-x86_64 7.3.2 26.00 415.00 441.00 OK
r-patched-linux-x86_64 7.3.2 25.80 345.65 371.45 OK
r-release-linux-x86_64 7.3.2 20.21 347.76 367.97 OK
r-release-macos-arm64 7.3.2 176.00 NOTE
r-release-macos-x86_64 7.3.2 529.00 NOTE
r-release-windows-x86_64 7.3.2 26.00 402.00 428.00 OK
r-oldrel-macos-arm64 7.3.2 228.00 NOTE
r-oldrel-macos-x86_64 7.3.2 512.00 NOTE
r-oldrel-windows-x86_64 7.3.2 34.00 502.00 536.00 OK

Check Details

Version: 7.3.2
Check: package dependencies
Result: NOTE Package suggested but not available for checking: ‘Rmpi’ Flavors: r-release-macos-arm64, r-release-macos-x86_64, r-oldrel-macos-arm64, r-oldrel-macos-x86_64