Last updated on 2024-06-12 19:54:22 CEST.
Flavor | Version | Tinstall | Tcheck | Ttotal | Status | Flags |
---|---|---|---|---|---|---|
r-devel-linux-x86_64-debian-clang | 0.1.0 | 45.96 | 194.41 | 240.37 | OK | |
r-devel-linux-x86_64-debian-gcc | 0.1.0 | 0.39 | 1.62 | 2.01 | ERROR | |
r-devel-linux-x86_64-fedora-clang | 0.1.0 | 319.36 | OK | |||
r-devel-linux-x86_64-fedora-gcc | 0.1.0 | 300.64 | OK | |||
r-devel-windows-x86_64 | 0.1.0 | 41.00 | 163.00 | 204.00 | OK | |
r-patched-linux-x86_64 | 0.1.0 | 49.82 | 183.47 | 233.29 | OK | |
r-release-linux-x86_64 | 0.1.0 | 40.49 | 191.37 | 231.86 | OK | |
r-release-macos-arm64 | 0.1.0 | 73.00 | OK | |||
r-release-macos-x86_64 | 0.1.0 | 111.00 | OK | |||
r-release-windows-x86_64 | 0.1.0 | 42.00 | 164.00 | 206.00 | OK | |
r-oldrel-macos-arm64 | 0.1.0 | 80.00 | OK | |||
r-oldrel-macos-x86_64 | 0.1.0 | 142.00 | OK | |||
r-oldrel-windows-x86_64 | 0.1.0 | 55.00 | 211.00 | 266.00 | OK |
Version: 0.1.0
Check: package dependencies
Result: ERROR
Packages required but not available: 'ggplot2', 'GGally', 'heplots'
Package suggested but not available for checking: ‘testthat’
See section ‘The DESCRIPTION file’ in the ‘Writing R Extensions’
manual.
Flavor: r-devel-linux-x86_64-debian-gcc