Last updated on 2024-06-12 19:54:23 CEST.
Flavor | Version | Tinstall | Tcheck | Ttotal | Status | Flags |
---|---|---|---|---|---|---|
r-devel-linux-x86_64-debian-clang | 1.2.2 | 7.21 | 42.74 | 49.95 | OK | |
r-devel-linux-x86_64-debian-gcc | 1.2.2 | 0.79 | 1.70 | 2.49 | ERROR | |
r-devel-linux-x86_64-fedora-clang | 1.2.2 | 61.56 | NOTE | |||
r-devel-linux-x86_64-fedora-gcc | 1.2.2 | 59.68 | NOTE | |||
r-devel-windows-x86_64 | 1.2.2 | 7.00 | 59.00 | 66.00 | OK | |
r-patched-linux-x86_64 | 1.2.2 | 6.96 | 41.39 | 48.35 | OK | |
r-release-linux-x86_64 | 1.2.2 | 4.64 | 41.57 | 46.21 | OK | |
r-release-macos-arm64 | 1.2.2 | 27.00 | NOTE | |||
r-release-macos-x86_64 | 1.2.2 | 36.00 | NOTE | |||
r-release-windows-x86_64 | 1.2.2 | 8.00 | 60.00 | 68.00 | OK | |
r-oldrel-macos-arm64 | 1.2.2 | 27.00 | OK | |||
r-oldrel-macos-x86_64 | 1.2.2 | 39.00 | NOTE | |||
r-oldrel-windows-x86_64 | 1.2.2 | 11.00 | 66.00 | 77.00 | OK |
Version: 1.2.2
Check: package dependencies
Result: ERROR
Packages required but not available: 'dplyr', 'readr', 'tibble', 'janitor'
Package suggested but not available for checking: ‘testthat’
See section ‘The DESCRIPTION file’ in the ‘Writing R Extensions’
manual.
Flavor: r-devel-linux-x86_64-debian-gcc
Version: 1.2.2
Check: data for non-ASCII characters
Result: NOTE
Note: found 2 marked UTF-8 strings
Flavors: r-devel-linux-x86_64-fedora-clang, r-devel-linux-x86_64-fedora-gcc
Version: 1.2.2
Check: installed package size
Result: NOTE
installed size is 5.8Mb
sub-directories of 1Mb or more:
data 5.5Mb
Flavors: r-release-macos-arm64, r-release-macos-x86_64, r-oldrel-macos-x86_64