CRAN Package Check Results for Package IPCAPS

Last updated on 2024-07-19 20:49:32 CEST.

Flavor Version Tinstall Tcheck Ttotal Status Flags
r-devel-linux-x86_64-debian-clang 1.1.8 13.91 194.12 208.03 OK
r-devel-linux-x86_64-debian-gcc 1.1.8 11.60 142.68 154.28 OK
r-devel-linux-x86_64-fedora-clang 1.1.8 260.80 NOTE
r-devel-linux-x86_64-fedora-gcc 1.1.8 246.35 NOTE
r-devel-windows-x86_64 1.1.8 15.00 145.00 160.00 OK
r-patched-linux-x86_64 1.1.8 13.80 183.43 197.23 OK
r-release-linux-x86_64 1.1.8 12.29 183.87 196.16 OK
r-release-macos-arm64 1.1.8 65.00 OK
r-release-macos-x86_64 1.1.8 107.00 OK
r-release-windows-x86_64 1.1.8 13.00 145.00 158.00 OK
r-oldrel-macos-arm64 1.1.8 72.00 OK
r-oldrel-macos-x86_64 1.1.8 126.00 OK
r-oldrel-windows-x86_64 1.1.8 17.00 175.00 192.00 OK

Check Details

Version: 1.1.8
Check: dependencies in R code
Result: NOTE Namespaces in Imports field not imported from: ‘Matrix’ ‘expm’ All declared Imports should be used. Flavors: r-devel-linux-x86_64-fedora-clang, r-devel-linux-x86_64-fedora-gcc