Last updated on 2024-06-12 19:54:23 CEST.
Flavor | Version | Tinstall | Tcheck | Ttotal | Status | Flags |
---|---|---|---|---|---|---|
r-devel-linux-x86_64-debian-clang | 0.1.0 | 2.62 | 28.19 | 30.81 | NOTE | |
r-devel-linux-x86_64-debian-gcc | 0.1.0 | 1.92 | 22.19 | 24.11 | OK | |
r-devel-linux-x86_64-fedora-clang | 0.1.0 | 39.42 | NOTE | |||
r-devel-linux-x86_64-fedora-gcc | 0.1.0 | 37.78 | NOTE | |||
r-devel-windows-x86_64 | 0.1.0 | 3.00 | 49.00 | 52.00 | OK | |
r-patched-linux-x86_64 | 0.1.0 | 1.71 | 28.08 | 29.79 | OK | |
r-release-linux-x86_64 | 0.1.0 | 2.09 | 28.42 | 30.51 | OK | |
r-release-macos-arm64 | 0.1.0 | 16.00 | OK | |||
r-release-macos-x86_64 | 0.1.0 | 27.00 | OK | |||
r-release-windows-x86_64 | 0.1.0 | 3.00 | 50.00 | 53.00 | OK | |
r-oldrel-macos-arm64 | 0.1.0 | 17.00 | OK | |||
r-oldrel-macos-x86_64 | 0.1.0 | 27.00 | OK | |||
r-oldrel-windows-x86_64 | 0.1.0 | 3.00 | 48.00 | 51.00 | OK |
Version: 0.1.0
Check: dependencies in R code
Result: NOTE
Fortran STOP
IEEE arithmetic exceptions signaled: INEXACT
Flavor: r-devel-linux-x86_64-debian-clang
Version: 0.1.0
Check: data for non-ASCII characters
Result: NOTE
Note: found 151 marked UTF-8 strings
Flavors: r-devel-linux-x86_64-fedora-clang, r-devel-linux-x86_64-fedora-gcc