Last updated on 2024-06-12 19:54:24 CEST.
Flavor | Version | Tinstall | Tcheck | Ttotal | Status | Flags |
---|---|---|---|---|---|---|
r-devel-linux-x86_64-debian-clang | 1.0.0 | 3.83 | 29.95 | 33.78 | OK | |
r-devel-linux-x86_64-debian-gcc | 1.0.0 | 0.35 | 1.65 | 2.00 | ERROR | |
r-devel-linux-x86_64-fedora-clang | 1.0.0 | 41.25 | OK | |||
r-devel-linux-x86_64-fedora-gcc | 1.0.0 | 38.85 | OK | |||
r-devel-windows-x86_64 | 1.0.0 | 4.00 | 44.00 | 48.00 | OK | |
r-patched-linux-x86_64 | 1.0.0 | 3.41 | 27.81 | 31.22 | OK | |
r-release-linux-x86_64 | 1.0.0 | 3.54 | 27.38 | 30.92 | OK | |
r-release-macos-arm64 | 1.0.0 | 19.00 | OK | |||
r-release-macos-x86_64 | 1.0.0 | 24.00 | OK | |||
r-release-windows-x86_64 | 1.0.0 | 4.00 | 48.00 | 52.00 | OK | |
r-oldrel-macos-arm64 | 1.0.0 | 20.00 | OK | |||
r-oldrel-macos-x86_64 | 1.0.0 | 24.00 | OK | |||
r-oldrel-windows-x86_64 | 1.0.0 | 5.00 | 46.00 | 51.00 | OK |
Version: 1.0.0
Check: package dependencies
Result: ERROR
Package required but not available: ‘stringr’
See section ‘The DESCRIPTION file’ in the ‘Writing R Extensions’
manual.
Flavor: r-devel-linux-x86_64-debian-gcc