CRAN Package Check Results for Package KRMM

Last updated on 2024-07-23 20:49:11 CEST.

Flavor Version Tinstall Tcheck Ttotal Status Flags
r-devel-linux-x86_64-debian-clang 1.0 4.88 51.96 56.84 NOTE
r-devel-linux-x86_64-debian-gcc 1.0 4.74 37.72 42.46 NOTE
r-devel-linux-x86_64-fedora-clang 1.0 73.85 NOTE
r-devel-linux-x86_64-fedora-gcc 1.0 64.61 NOTE
r-devel-windows-x86_64 1.0 5.00 55.00 60.00 NOTE
r-patched-linux-x86_64 1.0 6.06 48.27 54.33 NOTE
r-release-linux-x86_64 1.0 5.89 48.24 54.13 NOTE
r-release-macos-arm64 1.0 23.00 NOTE
r-release-macos-x86_64 1.0 39.00 NOTE
r-release-windows-x86_64 1.0 5.00 54.00 59.00 NOTE
r-oldrel-macos-arm64 1.0 27.00 NOTE
r-oldrel-macos-x86_64 1.0 36.00 NOTE
r-oldrel-windows-x86_64 1.0 5.00 61.00 66.00 NOTE

Check Details

Version: 1.0
Check: Rd files
Result: NOTE checkRd: (-1) Predict_kernel_Ridge_MM.Rd:45: Lost braces; missing escapes or markup? 45 | and alpha_train is the BLUP of alpha for the model, i.e. alpha_train=Cov(alpha,Y_train)*Var(Y_train)^{-1}*(Y_train - E[Y_train]) } | ^ Flavors: r-devel-linux-x86_64-debian-clang, r-devel-linux-x86_64-debian-gcc, r-devel-linux-x86_64-fedora-clang, r-devel-linux-x86_64-fedora-gcc, r-devel-windows-x86_64, r-patched-linux-x86_64, r-release-linux-x86_64, r-release-macos-arm64, r-release-macos-x86_64, r-release-windows-x86_64

Version: 1.0
Check: LazyData
Result: NOTE 'LazyData' is specified without a 'data' directory Flavors: r-devel-linux-x86_64-debian-clang, r-devel-linux-x86_64-debian-gcc, r-devel-linux-x86_64-fedora-clang, r-devel-linux-x86_64-fedora-gcc, r-devel-windows-x86_64, r-patched-linux-x86_64, r-release-linux-x86_64, r-release-macos-arm64, r-release-macos-x86_64, r-release-windows-x86_64, r-oldrel-macos-arm64, r-oldrel-macos-x86_64, r-oldrel-windows-x86_64