CRAN Package Check Results for Package Karen

Last updated on 2024-07-18 08:51:11 CEST.

Flavor Version Tinstall Tcheck Ttotal Status Flags
r-devel-linux-x86_64-debian-clang 1.0 14.90 108.20 123.10 NOTE
r-devel-linux-x86_64-debian-gcc 1.0 10.35 78.62 88.97 NOTE
r-devel-linux-x86_64-fedora-clang 1.0 146.60 NOTE
r-devel-linux-x86_64-fedora-gcc 1.0 150.38 NOTE
r-devel-windows-x86_64 1.0 11.00 114.00 125.00 NOTE
r-patched-linux-x86_64 1.0 11.00 98.12 109.12 NOTE
r-release-linux-x86_64 1.0 12.94 99.05 111.99 NOTE
r-release-macos-arm64 1.0 53.00 NOTE
r-release-macos-x86_64 1.0 94.00 NOTE
r-release-windows-x86_64 1.0 12.00 114.00 126.00 NOTE
r-oldrel-macos-arm64 1.0 55.00 OK
r-oldrel-macos-x86_64 1.0 104.00 OK
r-oldrel-windows-x86_64 1.0 14.00 130.00 144.00 OK

Check Details

Version: 1.0
Check: Rd files
Result: NOTE checkRd: (-1) get.fit.Rd:46: Lost braces in \itemize; meant \describe ? checkRd: (-1) get.fit.Rd:47: Lost braces in \itemize; meant \describe ? checkRd: (-1) get.fit.Rd:48-49: Lost braces in \itemize; meant \describe ? checkRd: (-1) get.fit.Rd:50-51: Lost braces in \itemize; meant \describe ? checkRd: (-1) get.fit.Rd:52-54: Lost braces in \itemize; meant \describe ? checkRd: (-1) get.fit.Rd:55: Lost braces in \itemize; meant \describe ? checkRd: (-1) get.fit.Rd:56: Lost braces in \itemize; meant \describe ? checkRd: (-1) get.fit.Rd:57-60: Lost braces in \itemize; meant \describe ? checkRd: (-1) get.fit.Rd:61-62: Lost braces in \itemize; meant \describe ? checkRd: (-1) get.fit.Rd:63-64: Lost braces in \itemize; meant \describe ? checkRd: (-1) get.fit.Rd:70: Lost braces in \itemize; \value handles \item{}{} directly checkRd: (-1) get.fit.Rd:71: Lost braces in \itemize; \value handles \item{}{} directly checkRd: (-1) get.fit.Rd:72: Lost braces in \itemize; \value handles \item{}{} directly checkRd: (-1) get.fit.Rd:73: Lost braces in \itemize; \value handles \item{}{} directly checkRd: (-1) get.fit.Rd:74: Lost braces in \itemize; \value handles \item{}{} directly checkRd: (-1) get.fit.Rd:75: Lost braces in \itemize; \value handles \item{}{} directly checkRd: (-1) get.fit.Rd:76: Lost braces in \itemize; \value handles \item{}{} directly checkRd: (-1) get.fit.Rd:77: Lost braces in \itemize; \value handles \item{}{} directly checkRd: (-1) get.fit.Rd:78: Lost braces in \itemize; \value handles \item{}{} directly checkRd: (-1) get.fit.Rd:79: Lost braces in \itemize; \value handles \item{}{} directly checkRd: (-1) get.fit.Rd:80: Lost braces in \itemize; \value handles \item{}{} directly checkRd: (-1) get.sim.trajectories.Rd:66: Lost braces in \itemize; \value handles \item{}{} directly checkRd: (-1) get.sim.trajectories.Rd:67: Lost braces in \itemize; \value handles \item{}{} directly Flavors: r-devel-linux-x86_64-debian-clang, r-devel-linux-x86_64-debian-gcc, r-devel-linux-x86_64-fedora-clang, r-devel-linux-x86_64-fedora-gcc, r-devel-windows-x86_64, r-patched-linux-x86_64, r-release-linux-x86_64, r-release-macos-arm64, r-release-macos-x86_64, r-release-windows-x86_64