Last updated on 2024-06-12 19:54:25 CEST.
Flavor | Version | Tinstall | Tcheck | Ttotal | Status | Flags |
---|---|---|---|---|---|---|
r-devel-linux-x86_64-debian-clang | 6.0.1 | 30.91 | 239.92 | 270.83 | OK | |
r-devel-linux-x86_64-debian-gcc | 6.0.1 | 0.38 | 1.76 | 2.14 | ERROR | |
r-devel-linux-x86_64-fedora-clang | 6.0.1 | 332.70 | OK | |||
r-devel-linux-x86_64-fedora-gcc | 6.0.1 | 320.45 | OK | |||
r-devel-windows-x86_64 | 6.0.1 | 22.00 | 185.00 | 207.00 | OK | |
r-patched-linux-x86_64 | 6.0.1 | 24.44 | 227.67 | 252.11 | OK | |
r-release-linux-x86_64 | 6.0.1 | 18.68 | 227.79 | 246.47 | OK | |
r-release-macos-arm64 | 6.0.1 | 95.00 | OK | |||
r-release-macos-x86_64 | 6.0.1 | 188.00 | OK | |||
r-release-windows-x86_64 | 6.0.1 | 25.00 | 182.00 | 207.00 | OK | |
r-oldrel-macos-arm64 | 6.0.1 | 111.00 | OK | |||
r-oldrel-macos-x86_64 | 6.0.1 | 248.00 | OK | |||
r-oldrel-windows-x86_64 | 6.0.1 | 31.00 | 215.00 | 246.00 | OK |
Version: 6.0.1
Check: package dependencies
Result: ERROR
Packages required but not available: 'GUniFrac', 'phangorn'
Package suggested but not available for checking: ‘testthat’
See section ‘The DESCRIPTION file’ in the ‘Writing R Extensions’
manual.
Flavor: r-devel-linux-x86_64-debian-gcc