CRAN Package Check Results for Package LMMstar

Last updated on 2025-01-19 16:48:23 CET.

Flavor Version Tinstall Tcheck Ttotal Status Flags
r-devel-linux-x86_64-debian-clang 1.1.0 36.44 380.34 416.78 OK
r-devel-linux-x86_64-debian-gcc 1.1.0 22.05 235.48 257.53 OK
r-devel-linux-x86_64-fedora-clang 1.1.0 690.37 OK
r-devel-linux-x86_64-fedora-gcc 1.1.0 699.04 OK
r-devel-windows-x86_64 1.1.0 39.00 332.00 371.00 OK
r-patched-linux-x86_64 1.1.0 37.82 351.63 389.45 OK
r-release-linux-x86_64 1.1.0 36.26 353.50 389.76 OK
r-release-macos-arm64 1.1.0 153.00 NOTE
r-release-macos-x86_64 1.1.0 275.00 NOTE
r-release-windows-x86_64 1.1.0 39.00 324.00 363.00 NOTE
r-oldrel-macos-arm64 1.1.0 157.00 NOTE
r-oldrel-macos-x86_64 1.1.0 421.00 NOTE
r-oldrel-windows-x86_64 1.1.0 50.00 438.00 488.00 NOTE

Check Details

Version: 1.1.0
Check: installed package size
Result: NOTE installed size is 7.0Mb sub-directories of 1Mb or more: R 2.1Mb doc-overview 2.2Mb Flavors: r-release-macos-arm64, r-release-macos-x86_64, r-release-windows-x86_64, r-oldrel-macos-arm64, r-oldrel-macos-x86_64, r-oldrel-windows-x86_64