CRAN Package Check Results for Package LW1949

Last updated on 2024-07-19 08:54:59 CEST.

Flavor Version Tinstall Tcheck Ttotal Status Flags
r-devel-linux-x86_64-debian-clang 1.1.0 10.56 99.06 109.62 NOTE
r-devel-linux-x86_64-debian-gcc 1.1.0 7.85 73.41 81.26 NOTE
r-devel-linux-x86_64-fedora-clang 1.1.0 134.23 NOTE
r-devel-linux-x86_64-fedora-gcc 1.1.0 141.31 NOTE
r-devel-windows-x86_64 1.1.0 10.00 91.00 101.00 NOTE
r-patched-linux-x86_64 1.1.0 8.20 95.54 103.74 NOTE
r-release-linux-x86_64 1.1.0 8.56 93.28 101.84 NOTE
r-release-macos-arm64 1.1.0 54.00 NOTE
r-release-macos-x86_64 1.1.0 72.00 NOTE
r-release-windows-x86_64 1.1.0 8.00 94.00 102.00 NOTE
r-oldrel-macos-arm64 1.1.0 50.00 NOTE
r-oldrel-macos-x86_64 1.1.0 86.00 NOTE
r-oldrel-windows-x86_64 1.1.0 11.00 107.00 118.00 NOTE

Check Details

Version: 1.1.0
Check: LazyData
Result: NOTE 'LazyData' is specified without a 'data' directory Flavors: r-devel-linux-x86_64-debian-clang, r-devel-linux-x86_64-debian-gcc, r-devel-linux-x86_64-fedora-clang, r-devel-linux-x86_64-fedora-gcc, r-devel-windows-x86_64, r-patched-linux-x86_64, r-release-linux-x86_64, r-release-macos-arm64, r-release-macos-x86_64, r-release-windows-x86_64, r-oldrel-macos-arm64, r-oldrel-macos-x86_64, r-oldrel-windows-x86_64

Version: 1.1.0
Check: Rd cross-references
Result: NOTE Undeclared package ‘zoo’ in Rd xrefs Flavor: r-devel-linux-x86_64-fedora-clang

Version: 1.1.0
Check: Rd cross-references
Result: NOTE Found the following Rd file(s) with Rd \link{} targets missing package anchors: gamtable1.Rd: gamObject Please provide package anchors for all Rd \link{} targets not in the package itself and the base packages. Flavor: r-devel-windows-x86_64