CRAN Package Check Results for Package MASSExtra

Last updated on 2024-07-20 19:52:54 CEST.

Flavor Version Tinstall Tcheck Ttotal Status Flags
r-devel-linux-x86_64-debian-clang 1.2.2 4.89 64.38 69.27 NOTE
r-devel-linux-x86_64-debian-gcc 1.2.2 3.26 49.33 52.59 NOTE
r-devel-linux-x86_64-fedora-clang 1.2.2 88.85 NOTE
r-devel-linux-x86_64-fedora-gcc 1.2.2 97.60 NOTE
r-devel-windows-x86_64 1.2.2 6.00 74.00 80.00 NOTE
r-patched-linux-x86_64 1.2.2 5.09 62.12 67.21 NOTE
r-release-linux-x86_64 1.2.2 3.68 62.38 66.06 NOTE
r-release-macos-arm64 1.2.2 32.00 NOTE
r-release-macos-x86_64 1.2.2 53.00 NOTE
r-release-windows-x86_64 1.2.2 5.00 75.00 80.00 NOTE
r-oldrel-macos-arm64 1.2.2 33.00 OK
r-oldrel-macos-x86_64 1.2.2 53.00 OK
r-oldrel-windows-x86_64 1.2.2 6.00 82.00 88.00 OK

Check Details

Version: 1.2.2
Check: Rd files
Result: NOTE checkRd: (-1) hr_levels.Rd:9-12: Lost braces 9 | kernelBiweight <- function(x, mean = 0, sd = 1) { | ^ checkRd: (-1) hr_levels.Rd:33-36: Lost braces 33 | kernelCosine <- function(x, mean = 0, sd = 1) { | ^ checkRd: (-1) hr_levels.Rd:41-44: Lost braces 41 | kernelEpanechnikov <- function(x, mean = 0, sd = 1) { | ^ checkRd: (-1) hr_levels.Rd:58-61: Lost braces 58 | kernelOptCosine <- function(x, mean = 0, sd = 1) { | ^ checkRd: (-1) hr_levels.Rd:65-68: Lost braces 65 | kernelRectangular <- function(x, mean = 0, sd = 1) { | ^ checkRd: (-1) hr_levels.Rd:72-75: Lost braces 72 | kernelSquaredCosine <- function(x, mean = 0, sd = 1) { | ^ checkRd: (-1) hr_levels.Rd:79-82: Lost braces 79 | kernelTriangular <- function(x, mean = 0, sd = 1) { | ^ checkRd: (-1) hr_levels.Rd:86-89: Lost braces 86 | kernelTricube <- function(x, mean = 0, sd = 1) { | ^ checkRd: (-1) hr_levels.Rd:93-96: Lost braces 93 | kernelTriweight <- function(x, mean = 0, sd = 1) { | ^ checkRd: (-1) hr_levels.Rd:100-103: Lost braces 100 | kernelUniform <- function(x, mean = 0, sd = 1) { | ^ Flavors: r-devel-linux-x86_64-debian-clang, r-devel-linux-x86_64-debian-gcc, r-devel-linux-x86_64-fedora-clang, r-devel-linux-x86_64-fedora-gcc, r-devel-windows-x86_64, r-patched-linux-x86_64, r-release-linux-x86_64, r-release-macos-arm64, r-release-macos-x86_64, r-release-windows-x86_64