Last updated on 2025-01-15 08:48:34 CET.
Flavor | Version | Tinstall | Tcheck | Ttotal | Status | Flags |
---|---|---|---|---|---|---|
r-devel-linux-x86_64-debian-clang | 1.0.0 | 2.44 | 40.96 | 43.40 | OK | |
r-devel-linux-x86_64-debian-gcc | 1.0.0 | 1.96 | 34.12 | 36.08 | OK | |
r-devel-linux-x86_64-fedora-clang | 1.0.0 | 72.87 | NOTE | |||
r-devel-linux-x86_64-fedora-gcc | 1.0.0 | 86.42 | NOTE | |||
r-devel-windows-x86_64 | 1.0.0 | 4.00 | 66.00 | 70.00 | OK | |
r-patched-linux-x86_64 | 1.0.0 | 2.44 | 39.94 | 42.38 | OK | |
r-release-linux-x86_64 | 1.0.0 | 2.39 | 39.60 | 41.99 | OK | |
r-release-macos-arm64 | 1.0.0 | 45.00 | OK | |||
r-release-macos-x86_64 | 1.0.0 | 53.00 | OK | |||
r-release-windows-x86_64 | 1.0.0 | 4.00 | 66.00 | 70.00 | OK | |
r-oldrel-macos-arm64 | 1.0.0 | 41.00 | OK | |||
r-oldrel-macos-x86_64 | 1.0.0 | 115.00 | OK | |||
r-oldrel-windows-x86_64 | 1.0.0 | 4.00 | 67.00 | 71.00 | OK |
Version: 1.0.0
Check: dependencies in R code
Result: NOTE
Namespaces in Imports field not imported from:
‘R6’ ‘reticulate’
All declared Imports should be used.
Flavors: r-devel-linux-x86_64-fedora-clang, r-devel-linux-x86_64-fedora-gcc