CRAN Package Check Results for Package MIIPW

Last updated on 2024-07-25 08:50:41 CEST.

Flavor Version Tinstall Tcheck Ttotal Status Flags
r-devel-linux-x86_64-debian-clang 0.1.1 12.77 159.66 172.43 OK
r-devel-linux-x86_64-debian-gcc 0.1.1 11.56 114.47 126.03 NOTE
r-devel-linux-x86_64-fedora-clang 0.1.1 212.71 OK
r-devel-linux-x86_64-fedora-gcc 0.1.1 228.13 OK
r-devel-windows-x86_64 0.1.1 14.00 117.00 131.00 NOTE
r-patched-linux-x86_64 0.1.1 OK
r-release-linux-x86_64 0.1.1 9.86 151.14 161.00 OK
r-release-macos-arm64 0.1.1 61.00 OK
r-release-macos-x86_64 0.1.1 90.00 OK
r-release-windows-x86_64 0.1.1 13.00 116.00 129.00 OK
r-oldrel-macos-arm64 0.1.1 61.00 OK
r-oldrel-macos-x86_64 0.1.1 117.00 OK
r-oldrel-windows-x86_64 0.1.1 18.00 149.00 167.00 OK

Check Details

Version: 0.1.1
Check: Rd cross-references
Result: NOTE Found the following Rd file(s) with Rd \link{} targets missing package anchors: AIPW.Rd: mice MeanScore.Rd: mice miAIPW.Rd: mice miSIPW.Rd: mice Please provide package anchors for all Rd \link{} targets not in the package itself and the base packages. Flavors: r-devel-linux-x86_64-debian-gcc, r-devel-windows-x86_64