Last updated on 2025-01-26 01:48:28 CET.
Flavor | Version | Tinstall | Tcheck | Ttotal | Status | Flags |
---|---|---|---|---|---|---|
r-devel-linux-x86_64-debian-clang | 0.6.2 | 9.76 | 72.90 | 82.66 | OK | |
r-devel-linux-x86_64-debian-gcc | 0.6.2 | 7.32 | 52.97 | 60.29 | OK | |
r-devel-linux-x86_64-fedora-clang | 0.6.2 | 134.88 | OK | |||
r-devel-linux-x86_64-fedora-gcc | 0.6.2 | 125.07 | OK | |||
r-devel-windows-x86_64 | 0.6.2 | 11.00 | 93.00 | 104.00 | OK | |
r-patched-linux-x86_64 | 0.6.2 | 9.57 | 68.92 | 78.49 | NOTE | |
r-release-linux-x86_64 | 0.6.2 | 9.63 | 68.89 | 78.52 | NOTE | |
r-release-macos-arm64 | 0.6.2 | 38.00 | NOTE | |||
r-release-macos-x86_64 | 0.6.2 | 61.00 | NOTE | |||
r-release-windows-x86_64 | 0.6.2 | 11.00 | 89.00 | 100.00 | NOTE | |
r-oldrel-macos-arm64 | 0.6.2 | 40.00 | NOTE | |||
r-oldrel-macos-x86_64 | 0.6.2 | 66.00 | NOTE | |||
r-oldrel-windows-x86_64 | 0.6.2 | 14.00 | 107.00 | 121.00 | NOTE |
Version: 0.6.2
Check: LazyData
Result: NOTE
'LazyData' is specified without a 'data' directory
Flavors: r-patched-linux-x86_64, r-release-linux-x86_64, r-release-macos-arm64, r-release-macos-x86_64, r-release-windows-x86_64, r-oldrel-macos-arm64, r-oldrel-macos-x86_64, r-oldrel-windows-x86_64