Last updated on 2024-06-12 19:54:28 CEST.
Flavor | Version | Tinstall | Tcheck | Ttotal | Status | Flags |
---|---|---|---|---|---|---|
r-devel-linux-x86_64-debian-clang | 1.0.3 | 86.85 | 69.44 | 156.29 | OK | |
r-devel-linux-x86_64-debian-gcc | 1.0.3 | 67.88 | 51.94 | 119.82 | ERROR | |
r-devel-windows-x86_64 | 1.0.3 | 80.00 | 86.00 | 166.00 | OK | |
r-patched-linux-x86_64 | 1.0.3 | 82.49 | 65.20 | 147.69 | OK | |
r-release-linux-x86_64 | 1.0.3 | 84.01 | 66.84 | 150.85 | OK | |
r-release-macos-arm64 | 1.0.3 | 49.00 | NOTE | |||
r-release-macos-x86_64 | 1.0.3 | 75.00 | NOTE | |||
r-release-windows-x86_64 | 1.0.3 | 81.00 | 93.00 | 174.00 | OK | |
r-oldrel-macos-arm64 | 1.0.3 | 54.00 | NOTE | |||
r-oldrel-macos-x86_64 | 1.0.3 | 96.00 | NOTE | |||
r-oldrel-windows-x86_64 | 1.0.3 | 97.00 | 107.00 | 204.00 | OK |
Version: 1.0.3
Check: package dependencies
Result: NOTE
Package suggested but not available for checking: ‘testthat’
Flavor: r-devel-linux-x86_64-debian-gcc
Version: 1.0.3
Check: tests
Result: ERROR
Running ‘testthat.R’ [2s/3s]
Running the tests in ‘tests/testthat.R’ failed.
Complete output:
> library(N2R)
Loading required package: Matrix
>
> testthat::test_check("N2R")
Error in loadNamespace(x) : there is no package called 'testthat'
Calls: loadNamespace -> withRestarts -> withOneRestart -> doWithOneRestart
Execution halted
Flavor: r-devel-linux-x86_64-debian-gcc
Version: 1.0.3
Check: installed package size
Result: NOTE
installed size is 5.7Mb
sub-directories of 1Mb or more:
libs 5.6Mb
Flavors: r-release-macos-arm64, r-release-macos-x86_64, r-oldrel-macos-arm64, r-oldrel-macos-x86_64