CRAN Package Check Results for Package NFCP

Last updated on 2024-07-14 19:49:39 CEST.

Flavor Version Tinstall Tcheck Ttotal Status Flags
r-devel-linux-x86_64-debian-clang 1.2.1 5.61 151.19 156.80 OK
r-devel-linux-x86_64-debian-gcc 1.2.1 3.84 92.34 96.18 OK
r-devel-linux-x86_64-fedora-clang 1.2.1 174.55 NOTE
r-devel-linux-x86_64-fedora-gcc 1.2.1 177.03 NOTE
r-devel-windows-x86_64 1.2.1 5.00 111.00 116.00 OK
r-patched-linux-x86_64 1.2.1 6.09 124.84 130.93 OK
r-release-linux-x86_64 1.2.1 3.37 127.74 131.11 OK
r-release-macos-arm64 1.2.1 107.00 OK
r-release-macos-x86_64 1.2.1 80.00 OK
r-release-windows-x86_64 1.2.1 5.00 113.00 118.00 OK
r-oldrel-macos-arm64 1.2.1 48.00 OK
r-oldrel-macos-x86_64 1.2.1 76.00 OK
r-oldrel-windows-x86_64 1.2.1 6.00 120.00 126.00 OK

Check Details

Version: 1.2.1
Check: dependencies in R code
Result: NOTE Namespaces in Imports field not imported from: ‘Rdpack’ ‘curl’ ‘mathjaxr’ All declared Imports should be used. Flavors: r-devel-linux-x86_64-fedora-clang, r-devel-linux-x86_64-fedora-gcc